{"id":603,"date":"2024-03-19T12:27:24","date_gmt":"2024-03-19T11:27:24","guid":{"rendered":"https:\/\/bluetek.pl\/?post_type=product&#038;p=603"},"modified":"2024-10-09T11:42:57","modified_gmt":"2024-10-09T09:42:57","slug":"program-report-macos","status":"publish","type":"product","link":"https:\/\/bluetek.pl\/index.php\/produkt\/program-report-macos\/","title":{"rendered":"Program Report dla Mac OSX"},"content":{"rendered":"<h2>Wersja dla komputer\u00f3w Apple z systemem Mac OSX<\/h2>\n<p>Program umo\u017cliwia zar\u00f3wno raportowanie jak i komunikacje\u00a0 z urz\u0105dzeniami Realand z linii AC\/AL\/MF\/ML\/GM<\/p>\n<p>Da tej wersji programu Report jest dost\u0119pna tylko licencja PRO z op\u0142at\u0105 licencyjn\u0105 w wysoko\u015bci 199z\u0142 na rok.<br \/>\nOp\u0142ata roczna jest liczona od drugiego roku u\u017cytkowania, z op\u0142aty s\u0105 zwolnione firmy zatrudniaj\u0105ce mniej ni\u017c 25 pracownik\u00f3w.<\/p>\n<p>Wi\u0119cej o funkcja programu Report przeczytasz <a href=\"https:\/\/bluetek.pl\/index.php\/produkt\/program-report\/\">tutaj<\/a>.<br \/>\nWersja Mac OSX jest dost\u0119pna tylko w <a href=\"https:\/\/bluetek.pl\/index.php\/dokumentacja\/opis-dostepnych-licencji-programu-report\/\">abonamencie<\/a>.<\/p>\n","protected":false},"excerpt":{"rendered":"<p>Zaawansowany program do generowania raport\u00f3w i synchronizacji zapis\u00f3w RCP z systemami zewn\u0119trznymi.<\/p>\n","protected":false},"featured_media":606,"comment_status":"open","ping_status":"closed","template":"","meta":[],"yoast_head":"<!-- This site is optimized with the Yoast SEO plugin v19.9 - https:\/\/yoast.com\/wordpress\/plugins\/seo\/ -->\n<title>Program Report dla Mac OSX - Systemy Rejestracji Czasu Pracy<\/title>\n<meta name=\"robots\" content=\"index, follow, max-snippet:-1, max-image-preview:large, max-video-preview:-1\" \/>\n<link rel=\"canonical\" href=\"https:\/\/bluetek.pl\/index.php\/produkt\/program-report-macos\/\" \/>\n<meta property=\"og:locale\" content=\"pl_PL\" \/>\n<meta property=\"og:type\" content=\"article\" \/>\n<meta property=\"og:title\" content=\"Program Report dla Mac OSX - Systemy Rejestracji Czasu Pracy\" \/>\n<meta property=\"og:description\" content=\"Zaawansowany program do generowania raport\u00f3w i synchronizacji zapis\u00f3w RCP z systemami zewn\u0119trznymi.\" \/>\n<meta property=\"og:url\" content=\"https:\/\/bluetek.pl\/index.php\/produkt\/program-report-macos\/\" \/>\n<meta property=\"og:site_name\" content=\"Systemy Rejestracji Czasu Pracy\" \/>\n<meta property=\"article:modified_time\" content=\"2024-10-09T09:42:57+00:00\" \/>\n<meta property=\"og:image\" content=\"https:\/\/bluetek.pl\/wp-content\/uploads\/2024\/03\/Zrzut-ekranu-2024-03-19-o-09.02.41.png\" \/>\n\t<meta property=\"og:image:width\" content=\"2880\" \/>\n\t<meta property=\"og:image:height\" content=\"1800\" \/>\n\t<meta property=\"og:image:type\" content=\"image\/png\" \/>\n<meta name=\"twitter:card\" content=\"summary_large_image\" \/>\n<meta name=\"twitter:label1\" content=\"Szacowany czas czytania\" \/>\n\t<meta name=\"twitter:data1\" content=\"1 minuta\" \/>\n<script type=\"application\/ld+json\" class=\"yoast-schema-graph\">{\"@context\":\"https:\/\/schema.org\",\"@graph\":[{\"@type\":\"WebPage\",\"@id\":\"https:\/\/bluetek.pl\/index.php\/produkt\/program-report-macos\/\",\"url\":\"https:\/\/bluetek.pl\/index.php\/produkt\/program-report-macos\/\",\"name\":\"Program Report dla Mac OSX - Systemy Rejestracji Czasu Pracy\",\"isPartOf\":{\"@id\":\"https:\/\/bluetek.pl\/#website\"},\"datePublished\":\"2024-03-19T11:27:24+00:00\",\"dateModified\":\"2024-10-09T09:42:57+00:00\",\"breadcrumb\":{\"@id\":\"https:\/\/bluetek.pl\/index.php\/produkt\/program-report-macos\/#breadcrumb\"},\"inLanguage\":\"pl-PL\",\"potentialAction\":[{\"@type\":\"ReadAction\",\"target\":[\"https:\/\/bluetek.pl\/index.php\/produkt\/program-report-macos\/\"]}]},{\"@type\":\"BreadcrumbList\",\"@id\":\"https:\/\/bluetek.pl\/index.php\/produkt\/program-report-macos\/#breadcrumb\",\"itemListElement\":[{\"@type\":\"ListItem\",\"position\":1,\"name\":\"Strona g\u0142\u00f3wna\",\"item\":\"https:\/\/bluetek.pl\/\"},{\"@type\":\"ListItem\",\"position\":2,\"name\":\"Systemy RCP dla Twojej firmy\",\"item\":\"https:\/\/bluetek.pl\/\"},{\"@type\":\"ListItem\",\"position\":3,\"name\":\"Program Report dla Mac OSX\"}]},{\"@type\":\"WebSite\",\"@id\":\"https:\/\/bluetek.pl\/#website\",\"url\":\"https:\/\/bluetek.pl\/\",\"name\":\"Systemy Rejestracji Czasu Pracy\",\"description\":\"Czas si\u0119 liczy!\",\"publisher\":{\"@id\":\"https:\/\/bluetek.pl\/#organization\"},\"potentialAction\":[{\"@type\":\"SearchAction\",\"target\":{\"@type\":\"EntryPoint\",\"urlTemplate\":\"https:\/\/bluetek.pl\/?s={search_term_string}\"},\"query-input\":\"required name=search_term_string\"}],\"inLanguage\":\"pl-PL\"},{\"@type\":\"Organization\",\"@id\":\"https:\/\/bluetek.pl\/#organization\",\"name\":\"BLUETEK Miros\u0142aw Ksi\u0119\u017cyk\",\"url\":\"https:\/\/bluetek.pl\/\",\"logo\":{\"@type\":\"ImageObject\",\"inLanguage\":\"pl-PL\",\"@id\":\"https:\/\/bluetek.pl\/#\/schema\/logo\/image\/\",\"url\":\"https:\/\/bluetek.pl\/wp-content\/uploads\/2021\/04\/2018logo_250.png\",\"contentUrl\":\"https:\/\/bluetek.pl\/wp-content\/uploads\/2021\/04\/2018logo_250.png\",\"width\":250,\"height\":250,\"caption\":\"BLUETEK Miros\u0142aw Ksi\u0119\u017cyk\"},\"image\":{\"@id\":\"https:\/\/bluetek.pl\/#\/schema\/logo\/image\/\"}}]}<\/script>\n<!-- \/ Yoast SEO plugin. -->","yoast_head_json":{"title":"Program Report dla Mac OSX - Systemy Rejestracji Czasu Pracy","robots":{"index":"index","follow":"follow","max-snippet":"max-snippet:-1","max-image-preview":"max-image-preview:large","max-video-preview":"max-video-preview:-1"},"canonical":"https:\/\/bluetek.pl\/index.php\/produkt\/program-report-macos\/","og_locale":"pl_PL","og_type":"article","og_title":"Program Report dla Mac OSX - Systemy Rejestracji Czasu Pracy","og_description":"Zaawansowany program do generowania raport\u00f3w i synchronizacji zapis\u00f3w RCP z systemami zewn\u0119trznymi.","og_url":"https:\/\/bluetek.pl\/index.php\/produkt\/program-report-macos\/","og_site_name":"Systemy Rejestracji Czasu Pracy","article_modified_time":"2024-10-09T09:42:57+00:00","og_image":[{"width":2880,"height":1800,"url":"https:\/\/bluetek.pl\/wp-content\/uploads\/2024\/03\/Zrzut-ekranu-2024-03-19-o-09.02.41.png","type":"image\/png"}],"twitter_card":"summary_large_image","twitter_misc":{"Szacowany czas czytania":"1 minuta"},"schema":{"@context":"https:\/\/schema.org","@graph":[{"@type":"WebPage","@id":"https:\/\/bluetek.pl\/index.php\/produkt\/program-report-macos\/","url":"https:\/\/bluetek.pl\/index.php\/produkt\/program-report-macos\/","name":"Program Report dla Mac OSX - Systemy Rejestracji Czasu Pracy","isPartOf":{"@id":"https:\/\/bluetek.pl\/#website"},"datePublished":"2024-03-19T11:27:24+00:00","dateModified":"2024-10-09T09:42:57+00:00","breadcrumb":{"@id":"https:\/\/bluetek.pl\/index.php\/produkt\/program-report-macos\/#breadcrumb"},"inLanguage":"pl-PL","potentialAction":[{"@type":"ReadAction","target":["https:\/\/bluetek.pl\/index.php\/produkt\/program-report-macos\/"]}]},{"@type":"BreadcrumbList","@id":"https:\/\/bluetek.pl\/index.php\/produkt\/program-report-macos\/#breadcrumb","itemListElement":[{"@type":"ListItem","position":1,"name":"Strona g\u0142\u00f3wna","item":"https:\/\/bluetek.pl\/"},{"@type":"ListItem","position":2,"name":"Systemy RCP dla Twojej firmy","item":"https:\/\/bluetek.pl\/"},{"@type":"ListItem","position":3,"name":"Program Report dla Mac OSX"}]},{"@type":"WebSite","@id":"https:\/\/bluetek.pl\/#website","url":"https:\/\/bluetek.pl\/","name":"Systemy Rejestracji Czasu Pracy","description":"Czas si\u0119 liczy!","publisher":{"@id":"https:\/\/bluetek.pl\/#organization"},"potentialAction":[{"@type":"SearchAction","target":{"@type":"EntryPoint","urlTemplate":"https:\/\/bluetek.pl\/?s={search_term_string}"},"query-input":"required name=search_term_string"}],"inLanguage":"pl-PL"},{"@type":"Organization","@id":"https:\/\/bluetek.pl\/#organization","name":"BLUETEK Miros\u0142aw Ksi\u0119\u017cyk","url":"https:\/\/bluetek.pl\/","logo":{"@type":"ImageObject","inLanguage":"pl-PL","@id":"https:\/\/bluetek.pl\/#\/schema\/logo\/image\/","url":"https:\/\/bluetek.pl\/wp-content\/uploads\/2021\/04\/2018logo_250.png","contentUrl":"https:\/\/bluetek.pl\/wp-content\/uploads\/2021\/04\/2018logo_250.png","width":250,"height":250,"caption":"BLUETEK Miros\u0142aw Ksi\u0119\u017cyk"},"image":{"@id":"https:\/\/bluetek.pl\/#\/schema\/logo\/image\/"}}]}},"_links":{"self":[{"href":"https:\/\/bluetek.pl\/index.php\/wp-json\/wp\/v2\/product\/603"}],"collection":[{"href":"https:\/\/bluetek.pl\/index.php\/wp-json\/wp\/v2\/product"}],"about":[{"href":"https:\/\/bluetek.pl\/index.php\/wp-json\/wp\/v2\/types\/product"}],"replies":[{"embeddable":true,"href":"https:\/\/bluetek.pl\/index.php\/wp-json\/wp\/v2\/comments?post=603"}],"wp:featuredmedia":[{"embeddable":true,"href":"https:\/\/bluetek.pl\/index.php\/wp-json\/wp\/v2\/media\/606"}],"wp:attachment":[{"href":"https:\/\/bluetek.pl\/index.php\/wp-json\/wp\/v2\/media?parent=603"}],"curies":[{"name":"wp","href":"https:\/\/api.w.org\/{rel}","templated":true}]}}