{"id":464,"date":"2021-12-06T12:55:18","date_gmt":"2021-12-06T11:55:18","guid":{"rendered":"https:\/\/bluetek.pl\/?post_type=product&#038;p=464"},"modified":"2024-10-09T09:40:07","modified_gmt":"2024-10-09T07:40:07","slug":"dallas-ibutton-ds1990","status":"publish","type":"product","link":"https:\/\/bluetek.pl\/index.php\/produkt\/dallas-ibutton-ds1990\/","title":{"rendered":"Pastylka Dallas iButton DS 1990 z uchwytem"},"content":{"rendered":"<p>Transponder Dallas iButton z chipem DS 1990, komunikacja przez kontakty obudowie transpondera.<\/p>\n<p>Uchwyt wykonany z ABSu po\u0142\u0105czony z chipem Dallas w spos\u00f3b sta\u0142y (nie demontowalny)<\/p>\n<p>Transponder Dallas iButton u\u017cywany w wielu systemach poni\u017cej kilak przyk\u0142adowych:<\/p>\n<ul>\n<li>Domofony<\/li>\n<li>Laskomex<\/li>\n<li>Systemy \u015bledzenia floty samochodowej Cartrack<\/li>\n<\/ul>\n<p>Dost\u0119pne s\u0105 r\u00f3\u017cne kolory obudowy, dost\u0119pne ro\u017cne kolory, promocja obowi\u0105zuje na kolor niebieski.<br \/>\nProdukt pakowany w woreczki po 100szt.<\/p>\n","protected":false},"excerpt":{"rendered":"<p>Transponder Dallas iButton.<\/p>\n","protected":false},"featured_media":465,"comment_status":"open","ping_status":"closed","template":"","meta":[],"yoast_head":"<!-- This site is optimized with the Yoast SEO plugin v19.9 - https:\/\/yoast.com\/wordpress\/plugins\/seo\/ -->\n<title>Pastylka Dallas iButton DS 1990 z uchwytem - Systemy Rejestracji Czasu Pracy<\/title>\n<meta name=\"robots\" content=\"index, follow, max-snippet:-1, max-image-preview:large, max-video-preview:-1\" \/>\n<link rel=\"canonical\" href=\"https:\/\/bluetek.pl\/index.php\/produkt\/dallas-ibutton-ds1990\/\" \/>\n<meta property=\"og:locale\" content=\"pl_PL\" \/>\n<meta property=\"og:type\" content=\"article\" \/>\n<meta property=\"og:title\" content=\"Pastylka Dallas iButton DS 1990 z uchwytem - Systemy Rejestracji Czasu Pracy\" \/>\n<meta property=\"og:description\" content=\"Transponder Dallas iButton.\" \/>\n<meta property=\"og:url\" content=\"https:\/\/bluetek.pl\/index.php\/produkt\/dallas-ibutton-ds1990\/\" \/>\n<meta property=\"og:site_name\" content=\"Systemy Rejestracji Czasu Pracy\" \/>\n<meta property=\"article:modified_time\" content=\"2024-10-09T07:40:07+00:00\" \/>\n<meta property=\"og:image\" content=\"https:\/\/bluetek.pl\/wp-content\/uploads\/2021\/12\/IMG_20211130_095831_resized_20211206_010433464.jpg\" \/>\n\t<meta property=\"og:image:width\" content=\"960\" \/>\n\t<meta property=\"og:image:height\" content=\"1280\" \/>\n\t<meta property=\"og:image:type\" content=\"image\/jpeg\" \/>\n<meta name=\"twitter:card\" content=\"summary_large_image\" \/>\n<meta name=\"twitter:label1\" content=\"Szacowany czas czytania\" \/>\n\t<meta name=\"twitter:data1\" content=\"1 minuta\" \/>\n<script type=\"application\/ld+json\" class=\"yoast-schema-graph\">{\"@context\":\"https:\/\/schema.org\",\"@graph\":[{\"@type\":\"WebPage\",\"@id\":\"https:\/\/bluetek.pl\/index.php\/produkt\/dallas-ibutton-ds1990\/\",\"url\":\"https:\/\/bluetek.pl\/index.php\/produkt\/dallas-ibutton-ds1990\/\",\"name\":\"Pastylka Dallas iButton DS 1990 z uchwytem - Systemy Rejestracji Czasu Pracy\",\"isPartOf\":{\"@id\":\"https:\/\/bluetek.pl\/#website\"},\"datePublished\":\"2021-12-06T11:55:18+00:00\",\"dateModified\":\"2024-10-09T07:40:07+00:00\",\"breadcrumb\":{\"@id\":\"https:\/\/bluetek.pl\/index.php\/produkt\/dallas-ibutton-ds1990\/#breadcrumb\"},\"inLanguage\":\"pl-PL\",\"potentialAction\":[{\"@type\":\"ReadAction\",\"target\":[\"https:\/\/bluetek.pl\/index.php\/produkt\/dallas-ibutton-ds1990\/\"]}]},{\"@type\":\"BreadcrumbList\",\"@id\":\"https:\/\/bluetek.pl\/index.php\/produkt\/dallas-ibutton-ds1990\/#breadcrumb\",\"itemListElement\":[{\"@type\":\"ListItem\",\"position\":1,\"name\":\"Strona g\u0142\u00f3wna\",\"item\":\"https:\/\/bluetek.pl\/\"},{\"@type\":\"ListItem\",\"position\":2,\"name\":\"Systemy RCP dla Twojej firmy\",\"item\":\"https:\/\/bluetek.pl\/\"},{\"@type\":\"ListItem\",\"position\":3,\"name\":\"Pastylka Dallas iButton DS 1990 z uchwytem\"}]},{\"@type\":\"WebSite\",\"@id\":\"https:\/\/bluetek.pl\/#website\",\"url\":\"https:\/\/bluetek.pl\/\",\"name\":\"Systemy Rejestracji Czasu Pracy\",\"description\":\"Czas si\u0119 liczy!\",\"publisher\":{\"@id\":\"https:\/\/bluetek.pl\/#organization\"},\"potentialAction\":[{\"@type\":\"SearchAction\",\"target\":{\"@type\":\"EntryPoint\",\"urlTemplate\":\"https:\/\/bluetek.pl\/?s={search_term_string}\"},\"query-input\":\"required name=search_term_string\"}],\"inLanguage\":\"pl-PL\"},{\"@type\":\"Organization\",\"@id\":\"https:\/\/bluetek.pl\/#organization\",\"name\":\"BLUETEK Miros\u0142aw Ksi\u0119\u017cyk\",\"url\":\"https:\/\/bluetek.pl\/\",\"logo\":{\"@type\":\"ImageObject\",\"inLanguage\":\"pl-PL\",\"@id\":\"https:\/\/bluetek.pl\/#\/schema\/logo\/image\/\",\"url\":\"https:\/\/bluetek.pl\/wp-content\/uploads\/2021\/04\/2018logo_250.png\",\"contentUrl\":\"https:\/\/bluetek.pl\/wp-content\/uploads\/2021\/04\/2018logo_250.png\",\"width\":250,\"height\":250,\"caption\":\"BLUETEK Miros\u0142aw Ksi\u0119\u017cyk\"},\"image\":{\"@id\":\"https:\/\/bluetek.pl\/#\/schema\/logo\/image\/\"}}]}<\/script>\n<!-- \/ Yoast SEO plugin. -->","yoast_head_json":{"title":"Pastylka Dallas iButton DS 1990 z uchwytem - Systemy Rejestracji Czasu Pracy","robots":{"index":"index","follow":"follow","max-snippet":"max-snippet:-1","max-image-preview":"max-image-preview:large","max-video-preview":"max-video-preview:-1"},"canonical":"https:\/\/bluetek.pl\/index.php\/produkt\/dallas-ibutton-ds1990\/","og_locale":"pl_PL","og_type":"article","og_title":"Pastylka Dallas iButton DS 1990 z uchwytem - Systemy Rejestracji Czasu Pracy","og_description":"Transponder Dallas iButton.","og_url":"https:\/\/bluetek.pl\/index.php\/produkt\/dallas-ibutton-ds1990\/","og_site_name":"Systemy Rejestracji Czasu Pracy","article_modified_time":"2024-10-09T07:40:07+00:00","og_image":[{"width":960,"height":1280,"url":"https:\/\/bluetek.pl\/wp-content\/uploads\/2021\/12\/IMG_20211130_095831_resized_20211206_010433464.jpg","type":"image\/jpeg"}],"twitter_card":"summary_large_image","twitter_misc":{"Szacowany czas czytania":"1 minuta"},"schema":{"@context":"https:\/\/schema.org","@graph":[{"@type":"WebPage","@id":"https:\/\/bluetek.pl\/index.php\/produkt\/dallas-ibutton-ds1990\/","url":"https:\/\/bluetek.pl\/index.php\/produkt\/dallas-ibutton-ds1990\/","name":"Pastylka Dallas iButton DS 1990 z uchwytem - Systemy Rejestracji Czasu Pracy","isPartOf":{"@id":"https:\/\/bluetek.pl\/#website"},"datePublished":"2021-12-06T11:55:18+00:00","dateModified":"2024-10-09T07:40:07+00:00","breadcrumb":{"@id":"https:\/\/bluetek.pl\/index.php\/produkt\/dallas-ibutton-ds1990\/#breadcrumb"},"inLanguage":"pl-PL","potentialAction":[{"@type":"ReadAction","target":["https:\/\/bluetek.pl\/index.php\/produkt\/dallas-ibutton-ds1990\/"]}]},{"@type":"BreadcrumbList","@id":"https:\/\/bluetek.pl\/index.php\/produkt\/dallas-ibutton-ds1990\/#breadcrumb","itemListElement":[{"@type":"ListItem","position":1,"name":"Strona g\u0142\u00f3wna","item":"https:\/\/bluetek.pl\/"},{"@type":"ListItem","position":2,"name":"Systemy RCP dla Twojej firmy","item":"https:\/\/bluetek.pl\/"},{"@type":"ListItem","position":3,"name":"Pastylka Dallas iButton DS 1990 z uchwytem"}]},{"@type":"WebSite","@id":"https:\/\/bluetek.pl\/#website","url":"https:\/\/bluetek.pl\/","name":"Systemy Rejestracji Czasu Pracy","description":"Czas si\u0119 liczy!","publisher":{"@id":"https:\/\/bluetek.pl\/#organization"},"potentialAction":[{"@type":"SearchAction","target":{"@type":"EntryPoint","urlTemplate":"https:\/\/bluetek.pl\/?s={search_term_string}"},"query-input":"required name=search_term_string"}],"inLanguage":"pl-PL"},{"@type":"Organization","@id":"https:\/\/bluetek.pl\/#organization","name":"BLUETEK Miros\u0142aw Ksi\u0119\u017cyk","url":"https:\/\/bluetek.pl\/","logo":{"@type":"ImageObject","inLanguage":"pl-PL","@id":"https:\/\/bluetek.pl\/#\/schema\/logo\/image\/","url":"https:\/\/bluetek.pl\/wp-content\/uploads\/2021\/04\/2018logo_250.png","contentUrl":"https:\/\/bluetek.pl\/wp-content\/uploads\/2021\/04\/2018logo_250.png","width":250,"height":250,"caption":"BLUETEK Miros\u0142aw Ksi\u0119\u017cyk"},"image":{"@id":"https:\/\/bluetek.pl\/#\/schema\/logo\/image\/"}}]}},"_links":{"self":[{"href":"https:\/\/bluetek.pl\/index.php\/wp-json\/wp\/v2\/product\/464"}],"collection":[{"href":"https:\/\/bluetek.pl\/index.php\/wp-json\/wp\/v2\/product"}],"about":[{"href":"https:\/\/bluetek.pl\/index.php\/wp-json\/wp\/v2\/types\/product"}],"replies":[{"embeddable":true,"href":"https:\/\/bluetek.pl\/index.php\/wp-json\/wp\/v2\/comments?post=464"}],"wp:featuredmedia":[{"embeddable":true,"href":"https:\/\/bluetek.pl\/index.php\/wp-json\/wp\/v2\/media\/465"}],"wp:attachment":[{"href":"https:\/\/bluetek.pl\/index.php\/wp-json\/wp\/v2\/media?parent=464"}],"curies":[{"name":"wp","href":"https:\/\/api.w.org\/{rel}","templated":true}]}}