{"id":308,"date":"2020-12-23T18:27:17","date_gmt":"2020-12-23T17:27:17","guid":{"rendered":"http:\/\/bluetek.pl\/?post_type=product&#038;p=308"},"modified":"2024-10-09T09:37:42","modified_gmt":"2024-10-09T07:37:42","slug":"vanguard-5","status":"publish","type":"product","link":"https:\/\/bluetek.pl\/index.php\/produkt\/vanguard-5\/","title":{"rendered":"Vanguard 5"},"content":{"rendered":"<div class=\"box-collateral box-description\">\n<div class=\"std\">\n<div id=\"idTab1\" class=\"rte\">\n<p>Nowoczesne i wyj\u0105tkowo dobrze zaprojektowane urz\u0105dzenie do kontroli patroli<\/p>\n<p>Rejestrator idealnie si\u0119 nadaje do kontroli:<\/p>\n<ul>\n<li>pracy stra\u017cnik\u00f3w<\/li>\n<li>patroli mobilnych<\/li>\n<li>wartownik\u00f3w obiektu<\/li>\n<li>dozoru instalacji technicznych<\/li>\n<li>serwisu sprz\u0105taj\u0105cego<\/li>\n<\/ul>\n<p><img decoding=\"async\" loading=\"lazy\" class=\"aligncenter wp-image-323 size-full\" src=\"http:\/\/bluetek.pl\/wp-content\/uploads\/2020\/12\/schemat_dzialania.jpg\" alt=\"\" width=\"860\" height=\"536\" srcset=\"https:\/\/bluetek.pl\/wp-content\/uploads\/2020\/12\/schemat_dzialania.jpg 860w, https:\/\/bluetek.pl\/wp-content\/uploads\/2020\/12\/schemat_dzialania-300x187.jpg 300w, https:\/\/bluetek.pl\/wp-content\/uploads\/2020\/12\/schemat_dzialania-768x479.jpg 768w, https:\/\/bluetek.pl\/wp-content\/uploads\/2020\/12\/schemat_dzialania-416x259.jpg 416w\" sizes=\"(max-width: 860px) 100vw, 860px\" \/><\/p>\n<p>Urz\u0105dzenie jest wodoodporne, posiada d\u017awi\u0119kowa oraz wibracyjn\u0105 sygnalizacje odczytu kontrolowanego punktu.<br \/>\nBardzo prosta obs\u0142uga i ca\u0142kowity brak przycisk\u00f3w, czytanie punkt\u00f3w odbywa si\u0119 automatycznie po zbli\u017ceniu urz\u0105dzenia.<\/p>\n<p><img decoding=\"async\" loading=\"lazy\" class=\"aligncenter wp-image-325 size-medium\" src=\"http:\/\/bluetek.pl\/wp-content\/uploads\/2020\/12\/v5_odpornosc-300x168.jpg\" alt=\"\" width=\"300\" height=\"168\" srcset=\"https:\/\/bluetek.pl\/wp-content\/uploads\/2020\/12\/v5_odpornosc-300x168.jpg 300w, https:\/\/bluetek.pl\/wp-content\/uploads\/2020\/12\/v5_odpornosc-768x430.jpg 768w, https:\/\/bluetek.pl\/wp-content\/uploads\/2020\/12\/v5_odpornosc-416x233.jpg 416w, https:\/\/bluetek.pl\/wp-content\/uploads\/2020\/12\/v5_odpornosc.jpg 860w\" sizes=\"(max-width: 300px) 100vw, 300px\" \/><br \/>\nWczytywanie danych odbywa si\u0119 przez port USB, specjalny kabel posiada wtyczk\u0119 magnetyczn\u0105 kt\u00f3rej nie da sie \u0142atwo uszkodzi\u0107 a magnetyczne mocowanie zapewnia wodoszczelno\u015b\u0107 urz\u0105dzenia.<\/p>\n<p><img decoding=\"async\" loading=\"lazy\" class=\"aligncenter wp-image-326 size-medium\" src=\"http:\/\/bluetek.pl\/wp-content\/uploads\/2020\/12\/v5_kabel_magnetyczny-300x167.jpg\" alt=\"\" width=\"300\" height=\"167\" srcset=\"https:\/\/bluetek.pl\/wp-content\/uploads\/2020\/12\/v5_kabel_magnetyczny-300x167.jpg 300w, https:\/\/bluetek.pl\/wp-content\/uploads\/2020\/12\/v5_kabel_magnetyczny-416x232.jpg 416w, https:\/\/bluetek.pl\/wp-content\/uploads\/2020\/12\/v5_kabel_magnetyczny.jpg 430w\" sizes=\"(max-width: 300px) 100vw, 300px\" \/><br \/>\nUrz\u0105dzenie jest zasilane przez wbudowany akumulator kt\u00f3rego \u017cywotno\u015b\u0107 producent okre\u015bli\u0142 na minimum 5 lat, po tym czasie akumulator nale\u017cy wymieni\u0107 serwisie.<\/p>\n<p><img decoding=\"async\" loading=\"lazy\" class=\"size-medium wp-image-327 aligncenter\" src=\"http:\/\/bluetek.pl\/wp-content\/uploads\/2020\/12\/v5_bateria-300x168.jpg\" alt=\"\" width=\"300\" height=\"168\" srcset=\"https:\/\/bluetek.pl\/wp-content\/uploads\/2020\/12\/v5_bateria-300x168.jpg 300w, https:\/\/bluetek.pl\/wp-content\/uploads\/2020\/12\/v5_bateria-768x430.jpg 768w, https:\/\/bluetek.pl\/wp-content\/uploads\/2020\/12\/v5_bateria-416x233.jpg 416w, https:\/\/bluetek.pl\/wp-content\/uploads\/2020\/12\/v5_bateria.jpg 860w\" sizes=\"(max-width: 300px) 100vw, 300px\" \/><\/p>\n<p>Materia\u0142: aluminium odporne na uderzenia<br \/>\nWymiary: 144mm x 47mm x30mm<br \/>\nWaga: 200 gram<br \/>\nStopie\u0144 wodoodporno\u015bci: IP67<br \/>\nPami\u0119\u0107 zdarze\u0144: 16M Flash wystarcza na\u00a0 60 000 odczyt\u00f3w<br \/>\nCzas potrzebny na odczytanie punktu: &lt;0.2 sekundy<br \/>\nTemperatura pracy: -40C do 85C<br \/>\nWilgotno\u015b\u0107 pracy: 30% &#8211; 90%<br \/>\nRodzaj transponder\u00f3w RFID: 125kHz<br \/>\nZasi\u0119g czytania: 3-5cm<br \/>\nSygnalizacja odczytu: LED+ wibracja + d\u017awi\u0119k<br \/>\nAkumulator: wbudowany Li-ion jedno \u0142adowanie zapewnia 29 dni pracy przy 500 odczytach dziennie<\/p>\n<blockquote><p>Urz\u0105dzenie posiada certyfikat ATEX (Attached the explosion proof certificate)<br \/>\nCertyfikat ten jest wydawany dla urz\u0105dze\u0144 kt\u00f3re mog\u0105 pracowa\u0107 w strefach zagro\u017cenia wybuchem (stacje benzynowe, kopalnie, gazownie).<\/p><\/blockquote>\n<\/div>\n<div class=\"rte\">\n<h2><\/h2>\n<h2>Wyposa\u017cenie w komplecie<\/h2>\n<ul>\n<li>licencja na oprogramowanie Stra\u017cnik w j\u0119zyku polskim jest dostarczana w cenie systemu bez dodatkowych op\u0142at, z aktualizacjami<\/li>\n<li>instrukcja obs\u0142ugi<\/li>\n<li>4 punkty kontrolne<\/li>\n<li>4 identyfikatory stra\u017cnik\u00f3w<\/li>\n<li>\u0142adowarka USB<\/li>\n<li>kabel USB<\/li>\n<li>kabura<\/li>\n<\/ul>\n<p>W zestawie znajduje si\u0119 oprogramowanie zarz\u0105dzaj\u0105co-raportuj\u0105ce w wersji polskiej.<br \/>\nOprogramowanie wymaga systemu Win95\/98\/2000\/XP\/7\/8\/10.<\/p>\n<\/div>\n<\/div>\n<\/div>\n","protected":false},"excerpt":{"rendered":"<p>System kontroli patroli, wartownik\u00f3w pracownik\u00f3w dozoru.<\/p>\n","protected":false},"featured_media":309,"comment_status":"open","ping_status":"closed","template":"","meta":[],"yoast_head":"<!-- This site is optimized with the Yoast SEO plugin v19.9 - https:\/\/yoast.com\/wordpress\/plugins\/seo\/ -->\n<title>Vanguard 5 - Systemy Rejestracji Czasu Pracy<\/title>\n<meta name=\"robots\" content=\"index, follow, max-snippet:-1, max-image-preview:large, max-video-preview:-1\" \/>\n<link rel=\"canonical\" href=\"https:\/\/bluetek.pl\/index.php\/produkt\/vanguard-5\/\" \/>\n<meta property=\"og:locale\" content=\"pl_PL\" \/>\n<meta property=\"og:type\" content=\"article\" \/>\n<meta property=\"og:title\" content=\"Vanguard 5 - Systemy Rejestracji Czasu Pracy\" \/>\n<meta property=\"og:description\" content=\"System kontroli patroli, wartownik\u00f3w pracownik\u00f3w dozoru.\" \/>\n<meta property=\"og:url\" content=\"https:\/\/bluetek.pl\/index.php\/produkt\/vanguard-5\/\" \/>\n<meta property=\"og:site_name\" content=\"Systemy Rejestracji Czasu Pracy\" \/>\n<meta property=\"article:modified_time\" content=\"2024-10-09T07:37:42+00:00\" \/>\n<meta property=\"og:image\" content=\"https:\/\/bluetek.pl\/wp-content\/uploads\/2020\/12\/v5_big.jpg\" \/>\n\t<meta property=\"og:image:width\" content=\"1000\" \/>\n\t<meta property=\"og:image:height\" content=\"1000\" \/>\n\t<meta property=\"og:image:type\" content=\"image\/jpeg\" \/>\n<meta name=\"twitter:card\" content=\"summary_large_image\" \/>\n<meta name=\"twitter:label1\" content=\"Szacowany czas czytania\" \/>\n\t<meta name=\"twitter:data1\" content=\"3 minuty\" \/>\n<script type=\"application\/ld+json\" class=\"yoast-schema-graph\">{\"@context\":\"https:\/\/schema.org\",\"@graph\":[{\"@type\":\"WebPage\",\"@id\":\"https:\/\/bluetek.pl\/index.php\/produkt\/vanguard-5\/\",\"url\":\"https:\/\/bluetek.pl\/index.php\/produkt\/vanguard-5\/\",\"name\":\"Vanguard 5 - Systemy Rejestracji Czasu Pracy\",\"isPartOf\":{\"@id\":\"https:\/\/bluetek.pl\/#website\"},\"datePublished\":\"2020-12-23T17:27:17+00:00\",\"dateModified\":\"2024-10-09T07:37:42+00:00\",\"breadcrumb\":{\"@id\":\"https:\/\/bluetek.pl\/index.php\/produkt\/vanguard-5\/#breadcrumb\"},\"inLanguage\":\"pl-PL\",\"potentialAction\":[{\"@type\":\"ReadAction\",\"target\":[\"https:\/\/bluetek.pl\/index.php\/produkt\/vanguard-5\/\"]}]},{\"@type\":\"BreadcrumbList\",\"@id\":\"https:\/\/bluetek.pl\/index.php\/produkt\/vanguard-5\/#breadcrumb\",\"itemListElement\":[{\"@type\":\"ListItem\",\"position\":1,\"name\":\"Strona g\u0142\u00f3wna\",\"item\":\"https:\/\/bluetek.pl\/\"},{\"@type\":\"ListItem\",\"position\":2,\"name\":\"Systemy RCP dla Twojej firmy\",\"item\":\"https:\/\/bluetek.pl\/\"},{\"@type\":\"ListItem\",\"position\":3,\"name\":\"Vanguard 5\"}]},{\"@type\":\"WebSite\",\"@id\":\"https:\/\/bluetek.pl\/#website\",\"url\":\"https:\/\/bluetek.pl\/\",\"name\":\"Systemy Rejestracji Czasu Pracy\",\"description\":\"Czas si\u0119 liczy!\",\"publisher\":{\"@id\":\"https:\/\/bluetek.pl\/#organization\"},\"potentialAction\":[{\"@type\":\"SearchAction\",\"target\":{\"@type\":\"EntryPoint\",\"urlTemplate\":\"https:\/\/bluetek.pl\/?s={search_term_string}\"},\"query-input\":\"required name=search_term_string\"}],\"inLanguage\":\"pl-PL\"},{\"@type\":\"Organization\",\"@id\":\"https:\/\/bluetek.pl\/#organization\",\"name\":\"BLUETEK Miros\u0142aw Ksi\u0119\u017cyk\",\"url\":\"https:\/\/bluetek.pl\/\",\"logo\":{\"@type\":\"ImageObject\",\"inLanguage\":\"pl-PL\",\"@id\":\"https:\/\/bluetek.pl\/#\/schema\/logo\/image\/\",\"url\":\"https:\/\/bluetek.pl\/wp-content\/uploads\/2021\/04\/2018logo_250.png\",\"contentUrl\":\"https:\/\/bluetek.pl\/wp-content\/uploads\/2021\/04\/2018logo_250.png\",\"width\":250,\"height\":250,\"caption\":\"BLUETEK Miros\u0142aw Ksi\u0119\u017cyk\"},\"image\":{\"@id\":\"https:\/\/bluetek.pl\/#\/schema\/logo\/image\/\"}}]}<\/script>\n<!-- \/ Yoast SEO plugin. -->","yoast_head_json":{"title":"Vanguard 5 - Systemy Rejestracji Czasu Pracy","robots":{"index":"index","follow":"follow","max-snippet":"max-snippet:-1","max-image-preview":"max-image-preview:large","max-video-preview":"max-video-preview:-1"},"canonical":"https:\/\/bluetek.pl\/index.php\/produkt\/vanguard-5\/","og_locale":"pl_PL","og_type":"article","og_title":"Vanguard 5 - Systemy Rejestracji Czasu Pracy","og_description":"System kontroli patroli, wartownik\u00f3w pracownik\u00f3w dozoru.","og_url":"https:\/\/bluetek.pl\/index.php\/produkt\/vanguard-5\/","og_site_name":"Systemy Rejestracji Czasu Pracy","article_modified_time":"2024-10-09T07:37:42+00:00","og_image":[{"width":1000,"height":1000,"url":"https:\/\/bluetek.pl\/wp-content\/uploads\/2020\/12\/v5_big.jpg","type":"image\/jpeg"}],"twitter_card":"summary_large_image","twitter_misc":{"Szacowany czas czytania":"3 minuty"},"schema":{"@context":"https:\/\/schema.org","@graph":[{"@type":"WebPage","@id":"https:\/\/bluetek.pl\/index.php\/produkt\/vanguard-5\/","url":"https:\/\/bluetek.pl\/index.php\/produkt\/vanguard-5\/","name":"Vanguard 5 - Systemy Rejestracji Czasu Pracy","isPartOf":{"@id":"https:\/\/bluetek.pl\/#website"},"datePublished":"2020-12-23T17:27:17+00:00","dateModified":"2024-10-09T07:37:42+00:00","breadcrumb":{"@id":"https:\/\/bluetek.pl\/index.php\/produkt\/vanguard-5\/#breadcrumb"},"inLanguage":"pl-PL","potentialAction":[{"@type":"ReadAction","target":["https:\/\/bluetek.pl\/index.php\/produkt\/vanguard-5\/"]}]},{"@type":"BreadcrumbList","@id":"https:\/\/bluetek.pl\/index.php\/produkt\/vanguard-5\/#breadcrumb","itemListElement":[{"@type":"ListItem","position":1,"name":"Strona g\u0142\u00f3wna","item":"https:\/\/bluetek.pl\/"},{"@type":"ListItem","position":2,"name":"Systemy RCP dla Twojej firmy","item":"https:\/\/bluetek.pl\/"},{"@type":"ListItem","position":3,"name":"Vanguard 5"}]},{"@type":"WebSite","@id":"https:\/\/bluetek.pl\/#website","url":"https:\/\/bluetek.pl\/","name":"Systemy Rejestracji Czasu Pracy","description":"Czas si\u0119 liczy!","publisher":{"@id":"https:\/\/bluetek.pl\/#organization"},"potentialAction":[{"@type":"SearchAction","target":{"@type":"EntryPoint","urlTemplate":"https:\/\/bluetek.pl\/?s={search_term_string}"},"query-input":"required name=search_term_string"}],"inLanguage":"pl-PL"},{"@type":"Organization","@id":"https:\/\/bluetek.pl\/#organization","name":"BLUETEK Miros\u0142aw Ksi\u0119\u017cyk","url":"https:\/\/bluetek.pl\/","logo":{"@type":"ImageObject","inLanguage":"pl-PL","@id":"https:\/\/bluetek.pl\/#\/schema\/logo\/image\/","url":"https:\/\/bluetek.pl\/wp-content\/uploads\/2021\/04\/2018logo_250.png","contentUrl":"https:\/\/bluetek.pl\/wp-content\/uploads\/2021\/04\/2018logo_250.png","width":250,"height":250,"caption":"BLUETEK Miros\u0142aw Ksi\u0119\u017cyk"},"image":{"@id":"https:\/\/bluetek.pl\/#\/schema\/logo\/image\/"}}]}},"_links":{"self":[{"href":"https:\/\/bluetek.pl\/index.php\/wp-json\/wp\/v2\/product\/308"}],"collection":[{"href":"https:\/\/bluetek.pl\/index.php\/wp-json\/wp\/v2\/product"}],"about":[{"href":"https:\/\/bluetek.pl\/index.php\/wp-json\/wp\/v2\/types\/product"}],"replies":[{"embeddable":true,"href":"https:\/\/bluetek.pl\/index.php\/wp-json\/wp\/v2\/comments?post=308"}],"wp:featuredmedia":[{"embeddable":true,"href":"https:\/\/bluetek.pl\/index.php\/wp-json\/wp\/v2\/media\/309"}],"wp:attachment":[{"href":"https:\/\/bluetek.pl\/index.php\/wp-json\/wp\/v2\/media?parent=308"}],"curies":[{"name":"wp","href":"https:\/\/api.w.org\/{rel}","templated":true}]}}