{"id":704,"date":"2024-10-30T13:46:05","date_gmt":"2024-10-30T12:46:05","guid":{"rendered":"https:\/\/bluetek.pl\/?page_id=704"},"modified":"2025-12-16T14:51:55","modified_gmt":"2025-12-16T13:51:55","slug":"programu-report-do-obslugi-rejestratorow-realand","status":"publish","type":"page","link":"https:\/\/bluetek.pl\/index.php\/dokumentacja\/programu-report-do-obslugi-rejestratorow-realand\/","title":{"rendered":"Lista zmian programu Report do obs\u0142ugi rejestrator\u00f3w Realand, ZKTeco, TimeLok"},"content":{"rendered":"<p>Aktualna wersja to <strong>2.21\u00a0 z dnia 20251212<\/strong>.<\/p>\n<h3>Wersja 2.21<\/h3>\n<p><img decoding=\"async\" loading=\"lazy\" class=\"alignnone size-medium wp-image-868\" src=\"https:\/\/bluetek.pl\/wp-content\/uploads\/2020\/12\/widok_raportu_kalendarzowego-300x179.png\" alt=\"\" width=\"300\" height=\"179\" srcset=\"https:\/\/bluetek.pl\/wp-content\/uploads\/2020\/12\/widok_raportu_kalendarzowego-300x179.png 300w, https:\/\/bluetek.pl\/wp-content\/uploads\/2020\/12\/widok_raportu_kalendarzowego-1024x611.png 1024w, https:\/\/bluetek.pl\/wp-content\/uploads\/2020\/12\/widok_raportu_kalendarzowego-768x458.png 768w, https:\/\/bluetek.pl\/wp-content\/uploads\/2020\/12\/widok_raportu_kalendarzowego-1536x917.png 1536w, https:\/\/bluetek.pl\/wp-content\/uploads\/2020\/12\/widok_raportu_kalendarzowego-416x248.png 416w, https:\/\/bluetek.pl\/wp-content\/uploads\/2020\/12\/widok_raportu_kalendarzowego.png 1920w\" sizes=\"(max-width: 300px) 100vw, 300px\" \/><\/p>\n<p>Dodano wizualizacje kalendarza pracy.<\/p>\n<h3>Wersja 2.15<\/h3>\n<p><img decoding=\"async\" loading=\"lazy\" class=\"alignnone wp-image-853 size-medium\" src=\"https:\/\/bluetek.pl\/wp-content\/uploads\/2020\/12\/paski_czasu_pracy-300x49.png\" alt=\"\" width=\"300\" height=\"49\" srcset=\"https:\/\/bluetek.pl\/wp-content\/uploads\/2020\/12\/paski_czasu_pracy-300x49.png 300w, https:\/\/bluetek.pl\/wp-content\/uploads\/2020\/12\/paski_czasu_pracy-416x68.png 416w, https:\/\/bluetek.pl\/wp-content\/uploads\/2020\/12\/paski_czasu_pracy.png 650w\" sizes=\"(max-width: 300px) 100vw, 300px\" \/><\/p>\n<p>Dodano wizualizacje dnia pracy w postaci pask\u00f3w danych, czas nie zaliczany do pracy jest w tym widoku szary.<br \/><img decoding=\"async\" loading=\"lazy\" class=\"alignnone size-medium wp-image-851\" src=\"https:\/\/bluetek.pl\/wp-content\/uploads\/2020\/12\/widok_raportu_okresowego-300x241.png\" alt=\"\" width=\"300\" height=\"241\" srcset=\"https:\/\/bluetek.pl\/wp-content\/uploads\/2020\/12\/widok_raportu_okresowego-300x241.png 300w, https:\/\/bluetek.pl\/wp-content\/uploads\/2020\/12\/widok_raportu_okresowego-1024x823.png 1024w, https:\/\/bluetek.pl\/wp-content\/uploads\/2020\/12\/widok_raportu_okresowego-768x617.png 768w, https:\/\/bluetek.pl\/wp-content\/uploads\/2020\/12\/widok_raportu_okresowego-416x334.png 416w, https:\/\/bluetek.pl\/wp-content\/uploads\/2020\/12\/widok_raportu_okresowego.png 1263w\" sizes=\"(max-width: 300px) 100vw, 300px\" \/><br \/>Dodano pod raporty w widoku raportu okresowego, po wybraniu osoby pojawiaj\u0105 si\u0119 ni\u017cej jej zapisy.<br \/><img decoding=\"async\" loading=\"lazy\" class=\"alignnone size-medium wp-image-846\" src=\"https:\/\/bluetek.pl\/wp-content\/uploads\/2020\/12\/menu_kontestowe_danych_zrodlowych-300x78.png\" alt=\"\" width=\"300\" height=\"78\" srcset=\"https:\/\/bluetek.pl\/wp-content\/uploads\/2020\/12\/menu_kontestowe_danych_zrodlowych-300x78.png 300w, https:\/\/bluetek.pl\/wp-content\/uploads\/2020\/12\/menu_kontestowe_danych_zrodlowych-416x108.png 416w, https:\/\/bluetek.pl\/wp-content\/uploads\/2020\/12\/menu_kontestowe_danych_zrodlowych.png 649w\" sizes=\"(max-width: 300px) 100vw, 300px\" \/>Dodano menu kontekstowe do widoku danych \u017ar\u00f3d\u0142owych<\/p>\n<p><img decoding=\"async\" loading=\"lazy\" class=\"alignnone size-medium wp-image-858\" src=\"https:\/\/bluetek.pl\/wp-content\/uploads\/2025\/11\/funkcja_filtrowania_blednych_zapisow-300x153.png\" alt=\"\" width=\"300\" height=\"153\" srcset=\"https:\/\/bluetek.pl\/wp-content\/uploads\/2025\/11\/funkcja_filtrowania_blednych_zapisow-300x153.png 300w, https:\/\/bluetek.pl\/wp-content\/uploads\/2025\/11\/funkcja_filtrowania_blednych_zapisow-768x390.png 768w, https:\/\/bluetek.pl\/wp-content\/uploads\/2025\/11\/funkcja_filtrowania_blednych_zapisow-416x211.png 416w, https:\/\/bluetek.pl\/wp-content\/uploads\/2025\/11\/funkcja_filtrowania_blednych_zapisow.png 958w\" sizes=\"(max-width: 300px) 100vw, 300px\" \/><br \/>W widoku raportu dziennego dodano funkcje wy\u015bwietlania jedynie b\u0142\u0119dnych zapis\u00f3w w celu szybkiego wy\u0142apania b\u0142\u0119d\u00f3w.<\/p>\n<h3>Wersja 2.06<\/h3>\n<p><a href=\"https:\/\/bluetek.pl\/index.php\/dokumentacja\/programu-report-do-obslugi-rejestratorow-realand\/kontrola_prawa_jazdy\/\"><img decoding=\"async\" loading=\"lazy\" class=\"alignnone wp-image-826 size-medium\" src=\"https:\/\/bluetek.pl\/wp-content\/uploads\/2025\/08\/kontrola_prawa_jazdy-295x300.png\" alt=\"\" width=\"295\" height=\"300\" srcset=\"https:\/\/bluetek.pl\/wp-content\/uploads\/2025\/08\/kontrola_prawa_jazdy-295x300.png 295w, https:\/\/bluetek.pl\/wp-content\/uploads\/2025\/08\/kontrola_prawa_jazdy-416x423.png 416w, https:\/\/bluetek.pl\/wp-content\/uploads\/2025\/08\/kontrola_prawa_jazdy.png 687w\" sizes=\"(max-width: 295px) 100vw, 295px\" \/><\/a><\/p>\n<p>Dodano funkcje automatycznego sprawdzania <strong>aktualnych uprawnie\u0144 kategorii prawa jazdy<\/strong>.<br \/>Po podaniu numeru blankietu na karcie pracownika system automatycznie (raz dziennie) wykonuje sprawdzenie uprawnie\u0144 i w przypadku wykrycia zmian informuje o tym przez wys\u0142anie emaila i SMS&#8217;a do pracownika i od menagera.<\/p>\n<p>Je\u015bli wi\u0119c pracownik utraci uprawnienia do prowadzenia pojazd\u00f3w to menager zostanie o tym powiadomiony w ci\u0105gu 24 godzin.<\/p>\n<h3>Wersja 1.9<\/h3>\n<p><a href=\"https:\/\/bluetek.pl\/index.php\/dokumentacja\/programu-report-do-obslugi-rejestratorow-realand\/wsparcie_dla_roznych_urzadzen\/\"><img decoding=\"async\" loading=\"lazy\" class=\"alignnone wp-image-774 size-medium\" src=\"https:\/\/bluetek.pl\/wp-content\/uploads\/2025\/03\/wsparcie_dla_roznych_urzadzen-300x244.jpg\" alt=\"\" width=\"300\" height=\"244\" srcset=\"https:\/\/bluetek.pl\/wp-content\/uploads\/2025\/03\/wsparcie_dla_roznych_urzadzen-300x244.jpg 300w, https:\/\/bluetek.pl\/wp-content\/uploads\/2025\/03\/wsparcie_dla_roznych_urzadzen-416x339.jpg 416w, https:\/\/bluetek.pl\/wp-content\/uploads\/2025\/03\/wsparcie_dla_roznych_urzadzen.jpg 549w\" sizes=\"(max-width: 300px) 100vw, 300px\" \/><\/a><\/p>\n<p>Dodano obs\u0142ug\u0119 urz\u0105dze\u0144 RCP od producent\u00f3w:<\/p>\n<ol>\n<li>ZKTeco (modele iClock660, <a href=\"https:\/\/bluetek.pl\/index.php\/produkt\/zkteco-iclock-s880\/\">iClockS880<\/a> oraz podobne z portem LAN lub WIFI pracuj\u0105ce na porcie 4370)<\/li>\n<li>TimeLok (wszystkie modele z portem LAN lub WIFI pracuj\u0105ce na porcie 5005 oparte na modelu SmackBio np <a href=\"https:\/\/bluetek.pl\/index.php\/produkt\/rejestrator-czasu-pracy-s360\/\">S360<\/a>)<\/li>\n<\/ol>\n<p>Urz\u0105dzenia mo\u017cna dowolnie miesza\u0107 w ramach systemu, co znaczy \u017ce w jednym programie Report mog\u0105 pracowa\u0107 urz\u0105dzenia wielu producent\u00f3w.<\/p>\n<p>Je\u015bli chcia\u0142by\u015b si\u0119 dowiedzie\u0107 czy tw\u00f3j aktualny rejestrator jest wspierany &#8211; skontaktuj si\u0119 z nami, przeprowadzimy zdalne testy i zweryfikujemy kompatybilno\u015b\u0107 Twojego systemu.<\/p>\n<p>Dodano obs\u0142ug\u0119 wy\u015bwietlania i por\u00f3wnywania zdj\u0119ci pracownik\u00f3w wykonywanych podczas odbi\u0107 RCP (fotoweryfikacja pracownika) aktualnie jest to funkcja wspierana przez rejestratory sprz\u0119towe iClock660, iClockS880 oraz rejestrator RCP w formie aplikacji na telefon rcp.bluetek.pl .\u00a0<\/p>\n<p><a href=\"https:\/\/bluetek.pl\/index.php\/dokumentacja\/programu-report-do-obslugi-rejestratorow-realand\/zdjecie_rcp\/\"><img decoding=\"async\" loading=\"lazy\" class=\"alignleft wp-image-773 size-medium\" src=\"https:\/\/bluetek.pl\/wp-content\/uploads\/2025\/03\/zdjecie_rcp-300x201.jpg\" alt=\"\" width=\"300\" height=\"201\" srcset=\"https:\/\/bluetek.pl\/wp-content\/uploads\/2025\/03\/zdjecie_rcp-300x201.jpg 300w, https:\/\/bluetek.pl\/wp-content\/uploads\/2025\/03\/zdjecie_rcp-416x279.jpg 416w, https:\/\/bluetek.pl\/wp-content\/uploads\/2025\/03\/zdjecie_rcp.jpg 674w\" sizes=\"(max-width: 300px) 100vw, 300px\" \/><\/a><\/p>\n<h3>Wersja 1.75<\/h3>\n<p style=\"text-align: center;\"><img decoding=\"async\" loading=\"lazy\" class=\"alignnone wp-image-748 size-full\" src=\"https:\/\/bluetek.pl\/wp-content\/uploads\/2025\/01\/Edytor_pracowika.jpg\" alt=\"\" width=\"549\" height=\"551\" srcset=\"https:\/\/bluetek.pl\/wp-content\/uploads\/2025\/01\/Edytor_pracowika.jpg 549w, https:\/\/bluetek.pl\/wp-content\/uploads\/2025\/01\/Edytor_pracowika-300x300.jpg 300w, https:\/\/bluetek.pl\/wp-content\/uploads\/2025\/01\/Edytor_pracowika-150x150.jpg 150w, https:\/\/bluetek.pl\/wp-content\/uploads\/2025\/01\/Edytor_pracowika-324x324.jpg 324w, https:\/\/bluetek.pl\/wp-content\/uploads\/2025\/01\/Edytor_pracowika-416x418.jpg 416w, https:\/\/bluetek.pl\/wp-content\/uploads\/2025\/01\/Edytor_pracowika-100x100.jpg 100w\" sizes=\"(max-width: 549px) 100vw, 549px\" \/><\/p>\n<ul>\n<li>Dodano obs\u0142ug\u0119 rejestrator\u00f3w z linii G-M, testowano na modelu G-M515, dodano ID twarzy jako rodzaj autoryzacji<\/li>\n<li>Poprawki kolorowania rekord\u00f3w na li\u015bcie zdarze\u0144<\/li>\n<\/ul>\n<h3>Wersja 1.5<\/h3>\n<ul>\n<li>Dodano obs\u0142ug\u0119 modyfikacji parametr\u00f3w rejestratora takich jak czas re-weryfikacji lub ID czy te\u017c adres IP z poziomu programu<img decoding=\"async\" loading=\"lazy\" class=\"alignnone wp-image-709 size-full\" src=\"https:\/\/bluetek.pl\/wp-content\/uploads\/2024\/10\/komunikacja_z_rejestratorami_parametry.jpg\" alt=\"\" width=\"953\" height=\"602\" srcset=\"https:\/\/bluetek.pl\/wp-content\/uploads\/2024\/10\/komunikacja_z_rejestratorami_parametry.jpg 953w, https:\/\/bluetek.pl\/wp-content\/uploads\/2024\/10\/komunikacja_z_rejestratorami_parametry-300x190.jpg 300w, https:\/\/bluetek.pl\/wp-content\/uploads\/2024\/10\/komunikacja_z_rejestratorami_parametry-768x485.jpg 768w, https:\/\/bluetek.pl\/wp-content\/uploads\/2024\/10\/komunikacja_z_rejestratorami_parametry-416x263.jpg 416w\" sizes=\"(max-width: 953px) 100vw, 953px\" \/><\/li>\n<li>Dodano detekcje duplikat\u00f3w odbi\u0107, po wykryciu powt\u00f3rze\u0144 s\u0105 one oznaczone jako &#8222;duplikat&#8221; i nie s\u0105 brane pod uwag\u0119 przy wyliczaniu czas\u00f3w pracy\/wyj\u015b\u0107<img decoding=\"async\" loading=\"lazy\" class=\"alignnone wp-image-710 size-full\" src=\"https:\/\/bluetek.pl\/wp-content\/uploads\/2024\/10\/wykrywanie_duplikatow.jpg\" alt=\"\" width=\"922\" height=\"235\" srcset=\"https:\/\/bluetek.pl\/wp-content\/uploads\/2024\/10\/wykrywanie_duplikatow.jpg 922w, https:\/\/bluetek.pl\/wp-content\/uploads\/2024\/10\/wykrywanie_duplikatow-300x76.jpg 300w, https:\/\/bluetek.pl\/wp-content\/uploads\/2024\/10\/wykrywanie_duplikatow-768x196.jpg 768w, https:\/\/bluetek.pl\/wp-content\/uploads\/2024\/10\/wykrywanie_duplikatow-416x106.jpg 416w\" sizes=\"(max-width: 922px) 100vw, 922px\" \/><\/li>\n<li>Zaimplementowano mo\u017cliwo\u015b\u0107 przeci\u0105gania pracownik\u00f3w do wydzia\u0142\u00f3w i dodawania pracownika na urz\u0105dzenie przez gest przeci\u0105gni\u0119cia (PRO).<\/li>\n<\/ul>\n<h3>Wersja 1.4<\/h3>\n<ul>\n<li>Dodano kolorowanie rekord\u00f3w i odbi\u0107<\/li>\n<li>Zmodyfikowano raport dzienny zak\u0142adkowy, teraz dane w Excelu przeliczaj\u0105 si\u0119 same po zmianie warto\u015bci<\/li>\n<li>Dodano zapami\u0119tywanie loginu u\u017cytkownika po poprawnym zalogowaniu<\/li>\n<li>Poprawki w menu kontekstowym widoku urz\u0105dze\u0144 i pracownik\u00f3w<\/li>\n<\/ul>\n<h3>Wersja 1.3<\/h3>\n<ul>\n<li>Integracja programu Report z portalem <a href=\"http:\/\/rcp.bluetek.pl\">http:\/\/rcp.bluetek.pl<\/a> do rejestracji czasu pracy na telefonach kom\u00f3rkowych (PRO)<img decoding=\"async\" loading=\"lazy\" class=\"alignnone wp-image-661 size-medium\" src=\"https:\/\/bluetek.pl\/wp-content\/uploads\/2024\/07\/VRCP_zdjecie_emu-142x300.jpg\" alt=\"\" width=\"142\" height=\"300\" srcset=\"https:\/\/bluetek.pl\/wp-content\/uploads\/2024\/07\/VRCP_zdjecie_emu-142x300.jpg 142w, https:\/\/bluetek.pl\/wp-content\/uploads\/2024\/07\/VRCP_zdjecie_emu-484x1024.jpg 484w, https:\/\/bluetek.pl\/wp-content\/uploads\/2024\/07\/VRCP_zdjecie_emu-416x880.jpg 416w, https:\/\/bluetek.pl\/wp-content\/uploads\/2024\/07\/VRCP_zdjecie_emu.jpg 514w\" sizes=\"(max-width: 142px) 100vw, 142px\" \/><\/li>\n<li>Przesy\u0142anie zdj\u0119\u0107 wraz ze zdarzeniem RCP (PRO)<\/li>\n<li>Integracja z portalem ZUS \/ pobieranie zdarze\u0144 chorobowych (funkcja eksperymentalna)<\/li>\n<\/ul>\n\n\n<ul>\n<li><\/li>\n<\/ul>\n","protected":false},"excerpt":{"rendered":"<p>Aktualna wersja to 2.21\u00a0 z dnia 20251212. Wersja 2.21 Dodano wizualizacje kalendarza pracy. Wersja 2.15 Dodano wizualizacje dnia pracy w postaci pask\u00f3w danych, czas nie zaliczany do pracy jest w tym widoku szary.Dodano pod raporty w widoku raportu okresowego, po wybraniu osoby pojawiaj\u0105 si\u0119 ni\u017cej jej zapisy.Dodano menu kontekstowe do widoku danych \u017ar\u00f3d\u0142owych W widoku [&hellip;]<\/p>\n","protected":false},"author":1,"featured_media":0,"parent":172,"menu_order":0,"comment_status":"closed","ping_status":"closed","template":"","meta":[],"yoast_head":"<!-- This site is optimized with the Yoast SEO plugin v19.9 - https:\/\/yoast.com\/wordpress\/plugins\/seo\/ -->\n<title>Lista zmian programu Report do obs\u0142ugi rejestrator\u00f3w Realand, ZKTeco, TimeLok - Systemy Rejestracji Czasu Pracy<\/title>\n<meta name=\"description\" content=\"Lista zmian programu Report\" \/>\n<meta name=\"robots\" content=\"index, follow, max-snippet:-1, max-image-preview:large, max-video-preview:-1\" \/>\n<link rel=\"canonical\" href=\"https:\/\/bluetek.pl\/index.php\/dokumentacja\/programu-report-do-obslugi-rejestratorow-realand\/\" \/>\n<meta property=\"og:locale\" content=\"pl_PL\" \/>\n<meta property=\"og:type\" content=\"article\" \/>\n<meta property=\"og:title\" content=\"Lista zmian programu Report do obs\u0142ugi rejestrator\u00f3w Realand, ZKTeco, TimeLok - Systemy Rejestracji Czasu Pracy\" \/>\n<meta property=\"og:description\" content=\"Lista zmian programu Report\" \/>\n<meta property=\"og:url\" content=\"https:\/\/bluetek.pl\/index.php\/dokumentacja\/programu-report-do-obslugi-rejestratorow-realand\/\" \/>\n<meta property=\"og:site_name\" content=\"Systemy Rejestracji Czasu Pracy\" \/>\n<meta property=\"article:modified_time\" content=\"2025-12-16T13:51:55+00:00\" \/>\n<meta property=\"og:image\" content=\"https:\/\/bluetek.pl\/wp-content\/uploads\/2020\/12\/widok_raportu_kalendarzowego-300x179.png\" \/>\n<meta name=\"twitter:card\" content=\"summary_large_image\" \/>\n<meta name=\"twitter:label1\" content=\"Szacowany czas czytania\" \/>\n\t<meta name=\"twitter:data1\" content=\"5 minut\" \/>\n<script type=\"application\/ld+json\" class=\"yoast-schema-graph\">{\"@context\":\"https:\/\/schema.org\",\"@graph\":[{\"@type\":\"WebPage\",\"@id\":\"https:\/\/bluetek.pl\/index.php\/dokumentacja\/programu-report-do-obslugi-rejestratorow-realand\/\",\"url\":\"https:\/\/bluetek.pl\/index.php\/dokumentacja\/programu-report-do-obslugi-rejestratorow-realand\/\",\"name\":\"Lista zmian programu Report do obs\u0142ugi rejestrator\u00f3w Realand, ZKTeco, TimeLok - Systemy Rejestracji Czasu Pracy\",\"isPartOf\":{\"@id\":\"https:\/\/bluetek.pl\/#website\"},\"datePublished\":\"2024-10-30T12:46:05+00:00\",\"dateModified\":\"2025-12-16T13:51:55+00:00\",\"description\":\"Lista zmian programu Report\",\"breadcrumb\":{\"@id\":\"https:\/\/bluetek.pl\/index.php\/dokumentacja\/programu-report-do-obslugi-rejestratorow-realand\/#breadcrumb\"},\"inLanguage\":\"pl-PL\",\"potentialAction\":[{\"@type\":\"ReadAction\",\"target\":[\"https:\/\/bluetek.pl\/index.php\/dokumentacja\/programu-report-do-obslugi-rejestratorow-realand\/\"]}]},{\"@type\":\"BreadcrumbList\",\"@id\":\"https:\/\/bluetek.pl\/index.php\/dokumentacja\/programu-report-do-obslugi-rejestratorow-realand\/#breadcrumb\",\"itemListElement\":[{\"@type\":\"ListItem\",\"position\":1,\"name\":\"Strona g\u0142\u00f3wna\",\"item\":\"https:\/\/bluetek.pl\/\"},{\"@type\":\"ListItem\",\"position\":2,\"name\":\"Dokumentacja\",\"item\":\"https:\/\/bluetek.pl\/index.php\/dokumentacja\/\"},{\"@type\":\"ListItem\",\"position\":3,\"name\":\"Lista zmian programu Report do obs\u0142ugi rejestrator\u00f3w Realand, ZKTeco, TimeLok\"}]},{\"@type\":\"WebSite\",\"@id\":\"https:\/\/bluetek.pl\/#website\",\"url\":\"https:\/\/bluetek.pl\/\",\"name\":\"Systemy Rejestracji Czasu Pracy\",\"description\":\"Czas si\u0119 liczy!\",\"publisher\":{\"@id\":\"https:\/\/bluetek.pl\/#organization\"},\"potentialAction\":[{\"@type\":\"SearchAction\",\"target\":{\"@type\":\"EntryPoint\",\"urlTemplate\":\"https:\/\/bluetek.pl\/?s={search_term_string}\"},\"query-input\":\"required name=search_term_string\"}],\"inLanguage\":\"pl-PL\"},{\"@type\":\"Organization\",\"@id\":\"https:\/\/bluetek.pl\/#organization\",\"name\":\"BLUETEK Miros\u0142aw Ksi\u0119\u017cyk\",\"url\":\"https:\/\/bluetek.pl\/\",\"logo\":{\"@type\":\"ImageObject\",\"inLanguage\":\"pl-PL\",\"@id\":\"https:\/\/bluetek.pl\/#\/schema\/logo\/image\/\",\"url\":\"https:\/\/bluetek.pl\/wp-content\/uploads\/2021\/04\/2018logo_250.png\",\"contentUrl\":\"https:\/\/bluetek.pl\/wp-content\/uploads\/2021\/04\/2018logo_250.png\",\"width\":250,\"height\":250,\"caption\":\"BLUETEK Miros\u0142aw Ksi\u0119\u017cyk\"},\"image\":{\"@id\":\"https:\/\/bluetek.pl\/#\/schema\/logo\/image\/\"}}]}<\/script>\n<!-- \/ Yoast SEO plugin. -->","yoast_head_json":{"title":"Lista zmian programu Report do obs\u0142ugi rejestrator\u00f3w Realand, ZKTeco, TimeLok - Systemy Rejestracji Czasu Pracy","description":"Lista zmian programu Report","robots":{"index":"index","follow":"follow","max-snippet":"max-snippet:-1","max-image-preview":"max-image-preview:large","max-video-preview":"max-video-preview:-1"},"canonical":"https:\/\/bluetek.pl\/index.php\/dokumentacja\/programu-report-do-obslugi-rejestratorow-realand\/","og_locale":"pl_PL","og_type":"article","og_title":"Lista zmian programu Report do obs\u0142ugi rejestrator\u00f3w Realand, ZKTeco, TimeLok - Systemy Rejestracji Czasu Pracy","og_description":"Lista zmian programu Report","og_url":"https:\/\/bluetek.pl\/index.php\/dokumentacja\/programu-report-do-obslugi-rejestratorow-realand\/","og_site_name":"Systemy Rejestracji Czasu Pracy","article_modified_time":"2025-12-16T13:51:55+00:00","og_image":[{"url":"https:\/\/bluetek.pl\/wp-content\/uploads\/2020\/12\/widok_raportu_kalendarzowego-300x179.png"}],"twitter_card":"summary_large_image","twitter_misc":{"Szacowany czas czytania":"5 minut"},"schema":{"@context":"https:\/\/schema.org","@graph":[{"@type":"WebPage","@id":"https:\/\/bluetek.pl\/index.php\/dokumentacja\/programu-report-do-obslugi-rejestratorow-realand\/","url":"https:\/\/bluetek.pl\/index.php\/dokumentacja\/programu-report-do-obslugi-rejestratorow-realand\/","name":"Lista zmian programu Report do obs\u0142ugi rejestrator\u00f3w Realand, ZKTeco, TimeLok - Systemy Rejestracji Czasu Pracy","isPartOf":{"@id":"https:\/\/bluetek.pl\/#website"},"datePublished":"2024-10-30T12:46:05+00:00","dateModified":"2025-12-16T13:51:55+00:00","description":"Lista zmian programu Report","breadcrumb":{"@id":"https:\/\/bluetek.pl\/index.php\/dokumentacja\/programu-report-do-obslugi-rejestratorow-realand\/#breadcrumb"},"inLanguage":"pl-PL","potentialAction":[{"@type":"ReadAction","target":["https:\/\/bluetek.pl\/index.php\/dokumentacja\/programu-report-do-obslugi-rejestratorow-realand\/"]}]},{"@type":"BreadcrumbList","@id":"https:\/\/bluetek.pl\/index.php\/dokumentacja\/programu-report-do-obslugi-rejestratorow-realand\/#breadcrumb","itemListElement":[{"@type":"ListItem","position":1,"name":"Strona g\u0142\u00f3wna","item":"https:\/\/bluetek.pl\/"},{"@type":"ListItem","position":2,"name":"Dokumentacja","item":"https:\/\/bluetek.pl\/index.php\/dokumentacja\/"},{"@type":"ListItem","position":3,"name":"Lista zmian programu Report do obs\u0142ugi rejestrator\u00f3w Realand, ZKTeco, TimeLok"}]},{"@type":"WebSite","@id":"https:\/\/bluetek.pl\/#website","url":"https:\/\/bluetek.pl\/","name":"Systemy Rejestracji Czasu Pracy","description":"Czas si\u0119 liczy!","publisher":{"@id":"https:\/\/bluetek.pl\/#organization"},"potentialAction":[{"@type":"SearchAction","target":{"@type":"EntryPoint","urlTemplate":"https:\/\/bluetek.pl\/?s={search_term_string}"},"query-input":"required name=search_term_string"}],"inLanguage":"pl-PL"},{"@type":"Organization","@id":"https:\/\/bluetek.pl\/#organization","name":"BLUETEK Miros\u0142aw Ksi\u0119\u017cyk","url":"https:\/\/bluetek.pl\/","logo":{"@type":"ImageObject","inLanguage":"pl-PL","@id":"https:\/\/bluetek.pl\/#\/schema\/logo\/image\/","url":"https:\/\/bluetek.pl\/wp-content\/uploads\/2021\/04\/2018logo_250.png","contentUrl":"https:\/\/bluetek.pl\/wp-content\/uploads\/2021\/04\/2018logo_250.png","width":250,"height":250,"caption":"BLUETEK Miros\u0142aw Ksi\u0119\u017cyk"},"image":{"@id":"https:\/\/bluetek.pl\/#\/schema\/logo\/image\/"}}]}},"_links":{"self":[{"href":"https:\/\/bluetek.pl\/index.php\/wp-json\/wp\/v2\/pages\/704"}],"collection":[{"href":"https:\/\/bluetek.pl\/index.php\/wp-json\/wp\/v2\/pages"}],"about":[{"href":"https:\/\/bluetek.pl\/index.php\/wp-json\/wp\/v2\/types\/page"}],"author":[{"embeddable":true,"href":"https:\/\/bluetek.pl\/index.php\/wp-json\/wp\/v2\/users\/1"}],"replies":[{"embeddable":true,"href":"https:\/\/bluetek.pl\/index.php\/wp-json\/wp\/v2\/comments?post=704"}],"version-history":[{"count":13,"href":"https:\/\/bluetek.pl\/index.php\/wp-json\/wp\/v2\/pages\/704\/revisions"}],"predecessor-version":[{"id":870,"href":"https:\/\/bluetek.pl\/index.php\/wp-json\/wp\/v2\/pages\/704\/revisions\/870"}],"up":[{"embeddable":true,"href":"https:\/\/bluetek.pl\/index.php\/wp-json\/wp\/v2\/pages\/172"}],"wp:attachment":[{"href":"https:\/\/bluetek.pl\/index.php\/wp-json\/wp\/v2\/media?parent=704"}],"curies":[{"name":"wp","href":"https:\/\/api.w.org\/{rel}","templated":true}]}}