{"id":624,"date":"2024-05-21T08:57:03","date_gmt":"2024-05-21T06:57:03","guid":{"rendered":"https:\/\/bluetek.pl\/?page_id=624"},"modified":"2026-03-03T10:11:46","modified_gmt":"2026-03-03T09:11:46","slug":"opis-dostepnych-licencji-programu-report","status":"publish","type":"page","link":"https:\/\/bluetek.pl\/index.php\/dokumentacja\/opis-dostepnych-licencji-programu-report\/","title":{"rendered":"Opis dost\u0119pnych licencji programu Report"},"content":{"rendered":"<p>Licencja programu wyst\u0119puje w 3 wersjach:<\/p>\n<table width=\"1062\">\n<tbody>\n<tr>\n<td width=\"132\"><span style=\"color: #008080;\">Licencja Report<\/span><\/td>\n<td width=\"132\"><span style=\"color: #008080;\">Cena zakupu\u00a0<\/span><\/td>\n<td width=\"210\"><span style=\"color: #008080;\">Typ licencji<\/span><\/td>\n<td width=\"163\"><span style=\"color: #008080;\">Abonament roczny<\/span><\/td>\n<td width=\"205\"><span style=\"color: #008080;\">Komunikacja z urz\u0105dzeniami<\/span><\/td>\n<td width=\"220\"><span style=\"color: #008080;\">Telepraca przez telefon<\/span><\/td>\n<\/tr>\n<tr>\n<td>Standard<\/td>\n<td>399pln (499pln MacOS)<\/td>\n<td>na firm\u0119 (dowolna ilo\u015b\u0107 stanowisk)<\/td>\n<td>brak<\/td>\n<td><span style=\"color: #ff9900;\"><strong>TAK<\/strong> <\/span>dla firm ma\u0142ych do 20 pracownik\u00f3w<\/td>\n<td><span style=\"color: #ff0000;\"><strong>NIE<\/strong><\/span><\/td>\n<\/tr>\n<tr>\n<td>Pro<\/td>\n<td>399pln (499pln MacOS)<\/td>\n<td>na firm\u0119 (dowolna ilo\u015b\u0107 stanowisk)<\/td>\n<td>399pln (p\u0142atny od drugiego roku u\u017cytkowania)<\/td>\n<td><span style=\"color: #339966;\"><strong>TAK<\/strong> <\/span>z limitem do 250 os\u00f3b<\/td>\n<td><span style=\"color: #339966;\"><strong>TAK<\/strong> <\/span>z limitem do 5 os\u00f3b, ka\u017cda nast\u0119pna osoba 5pln\/mc<\/td>\n<\/tr>\n<tr>\n<td>Enterprise<\/td>\n<td>1499pln (Win\/MacOS)<\/td>\n<td>na stanowisko<\/td>\n<td>1399pln (p\u0142atny od drugiego roku u\u017cytkowania)<\/td>\n<td><span style=\"color: #339966;\"><strong>TAK<\/strong> <\/span>z limitem do 1000 os\u00f3b<\/p>\n<p>Licencje powy\u017cej 1000 os\u00f3b s\u0105 wyceniane <a href=\"https:\/\/bluetek.pl\/index.php\/kontakt\/\">indywidualnie<\/a>.<\/td>\n<td><span style=\"color: #339966;\"><strong>TAK<\/strong> <\/span>z limitem do 20 os\u00f3b, ka\u017cda nast\u0119pna osoba 5pln\/mc<\/td>\n<\/tr>\n<\/tbody>\n<\/table>\n<h1>Licencja STANDARD<\/h1>\n<p>Dost\u0119pna tylko na komputery Windows.<br \/>\nTo jest licencja podstawowa kt\u00f3ra daje dost\u0119p do funkcji raportuj\u0105cych oraz edycyjnych programu, je\u015bli zakupi\u0142e\u015b program Report przed rokiem 2024 to masz w\u0142a\u015bnie t\u0105 licencje.<\/p>\n<p><strong>Licencja nigdy nie wygasa<\/strong>, jest <strong>p\u0142atna jednorazowo<\/strong> przy zakupie a jej koszt to <strong>399z\u0142 netto<\/strong><\/p>\n<p>W ramach licencji STANDARD program Report mo\u017cna zainstalowa\u0107 na<strong> dowolnej liczbie komputer\u00f3w w ramach jednej firmy<\/strong>.<\/p>\n<p>Licencja STANDARD jest automatycznie i <strong>bez kosztowo podnoszona do licencji PRO<\/strong> w przypadku gdy w systemie jest mniej ni\u017c 20 pracownik\u00f3w.<\/p>\n<p>Przez pierwszy 6 miesi\u0119cy od zakupu licencji Standard masz dost\u0119p do wszystkich funkcji licencji PRO, po tym okresie testowania mo\u017cesz zachowa\u0107 te rozszerzone funkcjonalno\u015bci poprzez przej\u015bcie na abonament PRO (koszt utrzymania Pro przez pozosta\u0142e 6mcy to 199z\u0142 netto), lub pozosta\u0107 w systemie bez abonamentowym Standard, w tym wypadku wszelkie funkcje wymagaj\u0105ce komunikacji z rejestratorami np. pobieranie nowych zdarze\u0144 lub wysy\u0142anie nowych pracownik\u00f3w b\u0119dzie obs\u0142ugiwa\u0142 program RAMS.<\/p>\n<h1>Licencja PRO<\/h1>\n<p>Dost\u0119pna na komputery Windows i Mac.<br \/>\nTo licencja kt\u00f3ra rozszerza wersje STANDARD o dodatkowe funkcje:<\/p>\n<ol>\n<li>Pobieranie log\u00f3w z rejestrator\u00f3w<\/li>\n<li>Raportowanie listy u\u017cytkownik\u00f3w na rejestratorach z funkcj\u0105 sprawdzania b\u0142\u0119d\u00f3w typu duplikat karty, nie aktualny numer karty czy te\u017c inne nazwisko<\/li>\n<li>Kontrola u\u017cytkownik\u00f3w pod wzgl\u0119dem korzystania z rejestratora \u2013 mo\u017cna sprawdzi\u0107 kt\u00f3rzy pracownicy ju\u017c s\u0105 nie aktywni na danym rejestratorze i ich z niego usun\u0105\u0107<\/li>\n<li>Wysy\u0142anie pracownik\u00f3w na urz\u0105dzenie z uwzgl\u0119dnieniem przyporz\u0105dkowania do wydzia\u0142u.<\/li>\n<li>Akcje grupowe \u2013 aktualizacja\/usuwanie danych pracownik\u00f3w na grupach urz\u0105dze\u0144<\/li>\n<li>Automatyczna synchronizacja danych na urz\u0105dzeniach przy wprowadzaniu zmiany na pracownikach.\n<ol>\n<li>Przyk\u0142ad 1: po zmianie numeru karty program sam rozsy\u0142a wymagane zmiany na wszystkie rejestratory lub tylko wybrane.<\/li>\n<li>Przyk\u0142ad 2:po zwolnieniu pracownika program automatycznie usuwa jego dane ze wszystkich rejestrator\u00f3w.<\/li>\n<\/ol>\n<\/li>\n<li>Detekcja i sygnalizowanie konflikt\u00f3w numeru karty RFID lub b\u0142\u0119dnego nazwiska na rejestratorze.<\/li>\n<li>Modyfikacja parametr\u00f3w urz\u0105dzenia typu adres IP, wy\u0142\u0105czenia DHCP, w\u0142\u0105czenie funkcji P2P czy te\u017c zmiana czasu reweryfikacji. Mo\u017cesz teraz zdalnie zmieni\u0107 ustawienia kt\u00f3re do tej pory by\u0142y dost\u0119pne tylko z poziomu menu urz\u0105dzenia.<\/li>\n<\/ol>\n<p style=\"text-align: center;\"><img decoding=\"async\" loading=\"lazy\" class=\"aligncenter wp-image-631 size-large\" src=\"https:\/\/bluetek.pl\/wp-content\/uploads\/2024\/05\/report_funkcje_pro-1024x543.jpg\" alt=\"\" width=\"980\" height=\"520\" srcset=\"https:\/\/bluetek.pl\/wp-content\/uploads\/2024\/05\/report_funkcje_pro-1024x543.jpg 1024w, https:\/\/bluetek.pl\/wp-content\/uploads\/2024\/05\/report_funkcje_pro-300x159.jpg 300w, https:\/\/bluetek.pl\/wp-content\/uploads\/2024\/05\/report_funkcje_pro-768x407.jpg 768w, https:\/\/bluetek.pl\/wp-content\/uploads\/2024\/05\/report_funkcje_pro-416x221.jpg 416w, https:\/\/bluetek.pl\/wp-content\/uploads\/2024\/05\/report_funkcje_pro.jpg 1531w\" sizes=\"(max-width: 980px) 100vw, 980px\" \/><\/p>\n<p>Licencja <strong>PRO jest typu abonamentowego<\/strong>, zakup licencji to <strong>499z\u0142<\/strong> a op\u0142ata roczna za jej wykorzystanie wynosi <strong>399z\u0142 (p\u0142atna od drugiego roku po zakupie)<\/strong>.<\/p>\n<p>Limit pracownik\u00f3w dla licencji standard to 250 os\u00f3b, po przekroczeniu tej liczby licencja prze\u0142\u0105cza si\u0119 w tryb w tryb Standard, czyli przestaj\u0105 dzia\u0142a\u0107 funkcje rozszerzone.<\/p>\n<p>Posiadacz pojedynczej licencji Pro mo\u017ce zainstalowa\u0107 program na <strong>dowolnej ilo\u015bci komputer\u00f3w w ramach jednej firmy<\/strong>.<\/p>\n<p><strong>W ramach tej licencji mo\u017cna r\u00f3wnie\u017c korzysta\u0107 z 5 dost\u0119p\u00f3w do aplikacji RCP na telefon.<br \/>\nDost\u0119p dla kolejnych os\u00f3b to koszt 5zl\/netto\/mc<\/strong><\/p>\n<h3>Funkcje aplikacji instalowanej na telefonach<\/h3>\n<ol>\n<li>Rejestracja czasu pracy dla pracownik\u00f3w korzystaj\u0105cych z telepracy (pracy zdalnej)<\/li>\n<li>Rejestracja wyj\u015b\u0107 s\u0142u\u017cbowych i prywatnych<\/li>\n<li>Zg\u0142aszanie nieobecno\u015bci (w opracowaniu)<\/li>\n<li>Tworzenie plan\u00f3w urlopowych (w opracowniu)<\/li>\n<\/ol>\n<p>Pracownik mo\u017ce miesza\u0107 dowolnie zdarzenia ze zwyk\u0142ych rejestrator\u00f3w ze zdarzeniami z aplikacji.<br \/>\nPrzyk\u0142ad: Pracownik rozpocz\u0105\u0142 teleprace o godzinie 8:30 nast\u0119pnie zg\u0142osi\u0142 wyj\u015bcie prywatne o godzinie 11:00, o godzinie 12:00 powr\u00f3ci\u0142 do pracy wykonuj\u0105c odbicie kart\u0105 na rejestratorze w siedzibie firmy a o godzinie 17:00 zako\u0144czy\u0142 prace przez odbicie karty w firmie.<\/p>\n<p>Dost\u0119p do aplikacji jest limitowany do 100 u\u017cytkownik\u00f3w, istnieje mo\u017cliwo\u015b\u0107 dokupienia wi\u0119kszej ilo\u015bci dost\u0119p\u00f3w.<\/p>\n<p>Licencja PRO jest typu abonamentowego, zakup licencji to 1199z\u0142 netto a op\u0142ata roczna za jej wykorzystanie wynosi 999z\u0142 (p\u0142atna od drugiego roku po zakupie).<\/p>\n<p>Aplikacja dzia\u0142a zar\u00f3wno na telefonach z systemem Android jak i na telefonach marki Apple. Mo\u017cna z niej r\u00f3wnie\u017c korzysta\u0107 ze zwyk\u0142ej przegl\u0105darki np. Chrome lub Firefox.<br \/>\nKonstrukcja aplikacji pozwala na rejestracje zdarze\u0144 nawet w przypadku czasowego braku dost\u0119pu do internetu.<\/p>\n<p>Licencj\u0105 odpowiedni\u0105 do pracy z przy ilo\u015bci pracownik\u00f3w wi\u0119kszej ni\u017c 250 os\u00f3b to licencja Enterprise.<\/p>\n<h1>Licencja Enterprise<\/h1>\n<p>Dost\u0119pna na komputery Windows i Mac.<br \/>\nTa licencja ro\u017cni si\u0119 od licencji Pro tylko tym, \u017ce <strong>obs\u0142uguje do 1000 os\u00f3b (pracownik\u00f3w).<\/strong><\/p>\n<p>Licencje powy\u017cej 1000 os\u00f3b s\u0105 wyceniane <a href=\"https:\/\/bluetek.pl\/index.php\/kontakt\/\">indywidualnie<\/a>.<\/p>\n<p>Ka\u017cdy komputer potrzebuje odr\u0119bnej licencji Enterprise, koszt roczny tej licencji to <strong>1499z\u0142 netto (odnowienie 1399z\u0142 netto).<\/strong><\/p>\n<h1>Licencja DEMO<\/h1>\n<p>Dost\u0119pna na komputery Windows.<br \/>\nDla firm chc\u0105cych zapozna\u0107 si\u0119 z mo\u017cliwo\u015bciami aplikacji przed zakupem mamy mo\u017cliwo\u015b\u0107 udzielenia licencji DEMO kt\u00f3rej dzia\u0142anie jest ograniczone czasowo np. do okresu 2 miesi\u0119cy.<\/p>\n","protected":false},"excerpt":{"rendered":"<p>Licencja programu wyst\u0119puje w 3 wersjach: Licencja Report Cena zakupu\u00a0 Typ licencji Abonament roczny Komunikacja z urz\u0105dzeniami Telepraca przez telefon Standard 399pln (499pln MacOS) na firm\u0119 (dowolna ilo\u015b\u0107 stanowisk) brak TAK dla firm ma\u0142ych do 20 pracownik\u00f3w NIE Pro 399pln (499pln MacOS) na firm\u0119 (dowolna ilo\u015b\u0107 stanowisk) 399pln (p\u0142atny od drugiego roku u\u017cytkowania) TAK z [&hellip;]<\/p>\n","protected":false},"author":1,"featured_media":0,"parent":172,"menu_order":0,"comment_status":"closed","ping_status":"closed","template":"template-fullwidth.php","meta":[],"yoast_head":"<!-- This site is optimized with the Yoast SEO plugin v19.9 - https:\/\/yoast.com\/wordpress\/plugins\/seo\/ -->\n<title>Opis dost\u0119pnych licencji programu Report - Systemy Rejestracji Czasu Pracy<\/title>\n<meta name=\"robots\" content=\"index, follow, max-snippet:-1, max-image-preview:large, max-video-preview:-1\" \/>\n<link rel=\"canonical\" href=\"https:\/\/bluetek.pl\/index.php\/dokumentacja\/opis-dostepnych-licencji-programu-report\/\" \/>\n<meta property=\"og:locale\" content=\"pl_PL\" \/>\n<meta property=\"og:type\" content=\"article\" \/>\n<meta property=\"og:title\" content=\"Opis dost\u0119pnych licencji programu Report - Systemy Rejestracji Czasu Pracy\" \/>\n<meta property=\"og:description\" content=\"Licencja programu wyst\u0119puje w 3 wersjach: Licencja Report Cena zakupu\u00a0 Typ licencji Abonament roczny Komunikacja z urz\u0105dzeniami Telepraca przez telefon Standard 399pln (499pln MacOS) na firm\u0119 (dowolna ilo\u015b\u0107 stanowisk) brak TAK dla firm ma\u0142ych do 20 pracownik\u00f3w NIE Pro 399pln (499pln MacOS) na firm\u0119 (dowolna ilo\u015b\u0107 stanowisk) 399pln (p\u0142atny od drugiego roku u\u017cytkowania) TAK z [&hellip;]\" \/>\n<meta property=\"og:url\" content=\"https:\/\/bluetek.pl\/index.php\/dokumentacja\/opis-dostepnych-licencji-programu-report\/\" \/>\n<meta property=\"og:site_name\" content=\"Systemy Rejestracji Czasu Pracy\" \/>\n<meta property=\"article:modified_time\" content=\"2026-03-03T09:11:46+00:00\" \/>\n<meta property=\"og:image\" content=\"https:\/\/bluetek.pl\/wp-content\/uploads\/2024\/05\/report_funkcje_pro-1024x543.jpg\" \/>\n<meta name=\"twitter:card\" content=\"summary_large_image\" \/>\n<meta name=\"twitter:label1\" content=\"Szacowany czas czytania\" \/>\n\t<meta name=\"twitter:data1\" content=\"5 minut\" \/>\n<script type=\"application\/ld+json\" class=\"yoast-schema-graph\">{\"@context\":\"https:\/\/schema.org\",\"@graph\":[{\"@type\":\"WebPage\",\"@id\":\"https:\/\/bluetek.pl\/index.php\/dokumentacja\/opis-dostepnych-licencji-programu-report\/\",\"url\":\"https:\/\/bluetek.pl\/index.php\/dokumentacja\/opis-dostepnych-licencji-programu-report\/\",\"name\":\"Opis dost\u0119pnych licencji programu Report - Systemy Rejestracji Czasu Pracy\",\"isPartOf\":{\"@id\":\"https:\/\/bluetek.pl\/#website\"},\"datePublished\":\"2024-05-21T06:57:03+00:00\",\"dateModified\":\"2026-03-03T09:11:46+00:00\",\"breadcrumb\":{\"@id\":\"https:\/\/bluetek.pl\/index.php\/dokumentacja\/opis-dostepnych-licencji-programu-report\/#breadcrumb\"},\"inLanguage\":\"pl-PL\",\"potentialAction\":[{\"@type\":\"ReadAction\",\"target\":[\"https:\/\/bluetek.pl\/index.php\/dokumentacja\/opis-dostepnych-licencji-programu-report\/\"]}]},{\"@type\":\"BreadcrumbList\",\"@id\":\"https:\/\/bluetek.pl\/index.php\/dokumentacja\/opis-dostepnych-licencji-programu-report\/#breadcrumb\",\"itemListElement\":[{\"@type\":\"ListItem\",\"position\":1,\"name\":\"Strona g\u0142\u00f3wna\",\"item\":\"https:\/\/bluetek.pl\/\"},{\"@type\":\"ListItem\",\"position\":2,\"name\":\"Dokumentacja\",\"item\":\"https:\/\/bluetek.pl\/index.php\/dokumentacja\/\"},{\"@type\":\"ListItem\",\"position\":3,\"name\":\"Opis dost\u0119pnych licencji programu Report\"}]},{\"@type\":\"WebSite\",\"@id\":\"https:\/\/bluetek.pl\/#website\",\"url\":\"https:\/\/bluetek.pl\/\",\"name\":\"Systemy Rejestracji Czasu Pracy\",\"description\":\"Czas si\u0119 liczy!\",\"publisher\":{\"@id\":\"https:\/\/bluetek.pl\/#organization\"},\"potentialAction\":[{\"@type\":\"SearchAction\",\"target\":{\"@type\":\"EntryPoint\",\"urlTemplate\":\"https:\/\/bluetek.pl\/?s={search_term_string}\"},\"query-input\":\"required name=search_term_string\"}],\"inLanguage\":\"pl-PL\"},{\"@type\":\"Organization\",\"@id\":\"https:\/\/bluetek.pl\/#organization\",\"name\":\"BLUETEK Miros\u0142aw Ksi\u0119\u017cyk\",\"url\":\"https:\/\/bluetek.pl\/\",\"logo\":{\"@type\":\"ImageObject\",\"inLanguage\":\"pl-PL\",\"@id\":\"https:\/\/bluetek.pl\/#\/schema\/logo\/image\/\",\"url\":\"https:\/\/bluetek.pl\/wp-content\/uploads\/2021\/04\/2018logo_250.png\",\"contentUrl\":\"https:\/\/bluetek.pl\/wp-content\/uploads\/2021\/04\/2018logo_250.png\",\"width\":250,\"height\":250,\"caption\":\"BLUETEK Miros\u0142aw Ksi\u0119\u017cyk\"},\"image\":{\"@id\":\"https:\/\/bluetek.pl\/#\/schema\/logo\/image\/\"}}]}<\/script>\n<!-- \/ Yoast SEO plugin. -->","yoast_head_json":{"title":"Opis dost\u0119pnych licencji programu Report - Systemy Rejestracji Czasu Pracy","robots":{"index":"index","follow":"follow","max-snippet":"max-snippet:-1","max-image-preview":"max-image-preview:large","max-video-preview":"max-video-preview:-1"},"canonical":"https:\/\/bluetek.pl\/index.php\/dokumentacja\/opis-dostepnych-licencji-programu-report\/","og_locale":"pl_PL","og_type":"article","og_title":"Opis dost\u0119pnych licencji programu Report - Systemy Rejestracji Czasu Pracy","og_description":"Licencja programu wyst\u0119puje w 3 wersjach: Licencja Report Cena zakupu\u00a0 Typ licencji Abonament roczny Komunikacja z urz\u0105dzeniami Telepraca przez telefon Standard 399pln (499pln MacOS) na firm\u0119 (dowolna ilo\u015b\u0107 stanowisk) brak TAK dla firm ma\u0142ych do 20 pracownik\u00f3w NIE Pro 399pln (499pln MacOS) na firm\u0119 (dowolna ilo\u015b\u0107 stanowisk) 399pln (p\u0142atny od drugiego roku u\u017cytkowania) TAK z [&hellip;]","og_url":"https:\/\/bluetek.pl\/index.php\/dokumentacja\/opis-dostepnych-licencji-programu-report\/","og_site_name":"Systemy Rejestracji Czasu Pracy","article_modified_time":"2026-03-03T09:11:46+00:00","og_image":[{"url":"https:\/\/bluetek.pl\/wp-content\/uploads\/2024\/05\/report_funkcje_pro-1024x543.jpg"}],"twitter_card":"summary_large_image","twitter_misc":{"Szacowany czas czytania":"5 minut"},"schema":{"@context":"https:\/\/schema.org","@graph":[{"@type":"WebPage","@id":"https:\/\/bluetek.pl\/index.php\/dokumentacja\/opis-dostepnych-licencji-programu-report\/","url":"https:\/\/bluetek.pl\/index.php\/dokumentacja\/opis-dostepnych-licencji-programu-report\/","name":"Opis dost\u0119pnych licencji programu Report - Systemy Rejestracji Czasu Pracy","isPartOf":{"@id":"https:\/\/bluetek.pl\/#website"},"datePublished":"2024-05-21T06:57:03+00:00","dateModified":"2026-03-03T09:11:46+00:00","breadcrumb":{"@id":"https:\/\/bluetek.pl\/index.php\/dokumentacja\/opis-dostepnych-licencji-programu-report\/#breadcrumb"},"inLanguage":"pl-PL","potentialAction":[{"@type":"ReadAction","target":["https:\/\/bluetek.pl\/index.php\/dokumentacja\/opis-dostepnych-licencji-programu-report\/"]}]},{"@type":"BreadcrumbList","@id":"https:\/\/bluetek.pl\/index.php\/dokumentacja\/opis-dostepnych-licencji-programu-report\/#breadcrumb","itemListElement":[{"@type":"ListItem","position":1,"name":"Strona g\u0142\u00f3wna","item":"https:\/\/bluetek.pl\/"},{"@type":"ListItem","position":2,"name":"Dokumentacja","item":"https:\/\/bluetek.pl\/index.php\/dokumentacja\/"},{"@type":"ListItem","position":3,"name":"Opis dost\u0119pnych licencji programu Report"}]},{"@type":"WebSite","@id":"https:\/\/bluetek.pl\/#website","url":"https:\/\/bluetek.pl\/","name":"Systemy Rejestracji Czasu Pracy","description":"Czas si\u0119 liczy!","publisher":{"@id":"https:\/\/bluetek.pl\/#organization"},"potentialAction":[{"@type":"SearchAction","target":{"@type":"EntryPoint","urlTemplate":"https:\/\/bluetek.pl\/?s={search_term_string}"},"query-input":"required name=search_term_string"}],"inLanguage":"pl-PL"},{"@type":"Organization","@id":"https:\/\/bluetek.pl\/#organization","name":"BLUETEK Miros\u0142aw Ksi\u0119\u017cyk","url":"https:\/\/bluetek.pl\/","logo":{"@type":"ImageObject","inLanguage":"pl-PL","@id":"https:\/\/bluetek.pl\/#\/schema\/logo\/image\/","url":"https:\/\/bluetek.pl\/wp-content\/uploads\/2021\/04\/2018logo_250.png","contentUrl":"https:\/\/bluetek.pl\/wp-content\/uploads\/2021\/04\/2018logo_250.png","width":250,"height":250,"caption":"BLUETEK Miros\u0142aw Ksi\u0119\u017cyk"},"image":{"@id":"https:\/\/bluetek.pl\/#\/schema\/logo\/image\/"}}]}},"_links":{"self":[{"href":"https:\/\/bluetek.pl\/index.php\/wp-json\/wp\/v2\/pages\/624"}],"collection":[{"href":"https:\/\/bluetek.pl\/index.php\/wp-json\/wp\/v2\/pages"}],"about":[{"href":"https:\/\/bluetek.pl\/index.php\/wp-json\/wp\/v2\/types\/page"}],"author":[{"embeddable":true,"href":"https:\/\/bluetek.pl\/index.php\/wp-json\/wp\/v2\/users\/1"}],"replies":[{"embeddable":true,"href":"https:\/\/bluetek.pl\/index.php\/wp-json\/wp\/v2\/comments?post=624"}],"version-history":[{"count":13,"href":"https:\/\/bluetek.pl\/index.php\/wp-json\/wp\/v2\/pages\/624\/revisions"}],"predecessor-version":[{"id":884,"href":"https:\/\/bluetek.pl\/index.php\/wp-json\/wp\/v2\/pages\/624\/revisions\/884"}],"up":[{"embeddable":true,"href":"https:\/\/bluetek.pl\/index.php\/wp-json\/wp\/v2\/pages\/172"}],"wp:attachment":[{"href":"https:\/\/bluetek.pl\/index.php\/wp-json\/wp\/v2\/media?parent=624"}],"curies":[{"name":"wp","href":"https:\/\/api.w.org\/{rel}","templated":true}]}}