{"id":238,"date":"2020-12-23T12:59:07","date_gmt":"2020-12-23T11:59:07","guid":{"rendered":"http:\/\/h4h.pl\/projekty\/realand.pl\/?page_id=238"},"modified":"2020-12-23T12:59:07","modified_gmt":"2020-12-23T11:59:07","slug":"najczesciej-zadawane-pytania","status":"publish","type":"page","link":"https:\/\/bluetek.pl\/index.php\/dokumentacja\/najczesciej-zadawane-pytania\/","title":{"rendered":"Najcz\u0119\u015bciej zadawane pytania"},"content":{"rendered":"<h3>Brak \u015brodowiska .NET na stacji<\/h3>\n<p>Oprogramowanie RAMS jest napisane przy u\u017cyciu j\u0119zyka .NET i wymaga obecno\u015bci \u015brodowiska .NET na komputerze. W przypadku braku tego \u015brodowiska wyst\u0105pi b\u0142\u0105d przy pr\u00f3bie uruchomienia RAS.exe.<br \/>\nProgram sprawdzaj\u0105cy czy \u015brodowisko .NET jest dost\u0119pne na komputerze znajduje si\u0119 na p\u0142ycie CD w katalogu:<\/p>\n<pre>Framework\\check.exe<\/pre>\n<p>Instalator \u015brodowiska .NET r\u00f3wnie\u017c znajduje si\u0119 na p\u0142ycie CD w katalogu:<\/p>\n<pre>Framework\\dotnetfx.exe<\/pre>\n<p>Jest tak\u017ce dost\u0119pny w Internecie do pobrania za darmo ze stron Microsoft&#8217;u:<\/p>\n<pre>http:\/\/www.microsoft.com\/net\/download<\/pre>\n<p>Aktualnie dost\u0119pna wersja \u015brodowiska .NET to 4.2, system RAMS wymaga co najmniej wersji 2.0.<\/p>\n<h3>Pr\u00f3ba uruchomienia RAMS powoduje b\u0142\u0105d<\/h3>\n<pre>The 'Microsoft.ACE.OLEDB.12.0' provider is not registered on the local machine.<\/pre>\n<p>Nale\u017cy zainstalowa\u0107 komponent Microsoft Access Database Engine 2010 .<\/p>\n<p>Komponent jest dost\u0119pny do pobranie ze strony:<\/p>\n<p><a href=\"http:\/\/www.microsoft.com\/en-us\/download\/details.aspx?id=13255\">http:\/\/www.microsoft.com\/en-us\/download\/details.aspx?id=13255<\/a><\/p>\n<p><strong>UWAGA: program instalatora nale\u017cy uruchomi\u0107 z dodatkowym parametrem \/passive:<\/strong><\/p>\n<p>Dla wersji 32bit:<\/p>\n<pre>$&gt; AccessDatabaseEngine.exe \/passive<\/pre>\n<p>Dla wersji 64bit:<\/p>\n<pre>$&gt; AccessDatabaseEngine_X64.exe \/passive<\/pre>\n<h3>Jak wczyta\u0107 dane z rejestratora REALAND?<\/h3>\n<p>Dane mo\u017cna wczyta\u0107 na kilka sposob\u00f3w z zale\u017cno\u015bci od modelu czytnika.<br \/>\nKa\u017cdy model posiada z\u0142\u0105cze USB dzi\u0119ki kt\u00f3remu mo\u017cna pobra\u0107 dane na pendrive.<br \/>\nDro\u017csze modele posiadaj\u0105 z\u0142\u0105cze TCP\/IP dzi\u0119ki kt\u00f3remu czytnik mo\u017cna po\u0142\u0105czy\u0107 do sieci LAN i zarz\u0105dza\u0107 nim zdalnie.<br \/>\nModele z kontrol\u0105 dost\u0119pu posiadaj\u0105 tak\u017ce z\u0142\u0105cze RS485 kt\u00f3re umo\u017cliwia komunikacje na odleg\u0142o\u015b\u0107 maksymalnie 12000 metr\u00f3w.<\/p>\n<h3>Jakie dane s\u0105 prezentowane na wy\u015bwietlaczu?<\/h3>\n<p>Podczas rejestracji: nazwisko osoby, tryb zdarzenia oraz czas.<br \/>\nW trybie oczekiwania wy\u015bwietlany jest zegar.<\/p>\n<h3>Czy istnieje mo\u017cliwo\u015b\u0107 identyfikacji na podstawie kart RFID?<\/h3>\n<p>Tak, ka\u017cdy czytnik REALAND posiada wbudowany czytnik RFID.<\/p>\n<h3>Czy mo\u017cna \u0142\u0105czy\u0107 kilka metod identyfikacji?<\/h3>\n<p>Tak, mo\u017cna wybra\u0107 nast\u0119puj\u0105ce metody:<\/p>\n<ul>\n<li>odcisk palca<\/li>\n<li>karta RFID<\/li>\n<li>has\u0142o PIN<br \/>\nOraz dowolne kombinacje tych metod, czyli np. odcisk palca oraz karta RFID.<\/li>\n<\/ul>\n<h3>Czy do\u0142\u0105czone oprogramowanie jest w j\u0119zyku polskim?<\/h3>\n<p>Tak, do czytnik\u00f3w dodajemy oprogramowanie zarz\u0105dzaj\u0105ce RAMS w j\u0119zyku polskim.<\/p>\n<h3>Ile kosztuje oprogramowanie RCP?<\/h3>\n<p>Oprogramowanie RAMS czytnik\u00f3w REALAND jest dystrybuowane wraz z rejestratorami i jest do\u0142\u0105czane bez dodatkowych op\u0142at.<\/p>\n<p>Dost\u0119pne jest te\u017c dodatkowe oprogramowanie Report rozszerzaj\u0105ce podstawow\u0105 funkcjonalno\u015b\u0107 systemu RAMS.<\/p>\n<h3>Cze\u015b\u0107 pracownik\u00f3w pracuje w trybie 8 godzinnym a cz\u0119\u015b\u0107 w trybie zmianowym, czy oprogramowanie obs\u0142uguje tak\u0105 konfiguracje?<\/h3>\n<p>Tak, system RAMS wspiera tak\u0105 sytuacje.<\/p>\n<h3>Czy RAMS obs\u0142uguje wiele czytnik\u00f3w?<\/h3>\n<p>Tak, mo\u017cna skonfigurowa\u0107 wiele czytnik\u00f3w dla wielu lokalizacji.<\/p>\n<h3>Czy RAMS obs\u0142uguje zdaln\u0105 administracje?<\/h3>\n<p>Tak, przez sieci LAN, VPN oraz WAN.<\/p>\n<h3>Czy system liczy czas pracy w trybie zmianowym?<\/h3>\n<p>Tak, system posiada funkcje wspieraj\u0105ce tryb pracy dla wielu zmian, jednak w przypadku zmiany nocnej konieczne jest zastosowanie dodatku Report.<\/p>\n","protected":false},"excerpt":{"rendered":"<p>Brak \u015brodowiska .NET na stacji Oprogramowanie RAMS jest napisane przy u\u017cyciu j\u0119zyka .NET i wymaga obecno\u015bci \u015brodowiska .NET na komputerze. W przypadku braku tego \u015brodowiska wyst\u0105pi b\u0142\u0105d przy pr\u00f3bie uruchomienia RAS.exe. Program sprawdzaj\u0105cy czy \u015brodowisko .NET jest dost\u0119pne na komputerze znajduje si\u0119 na p\u0142ycie CD w katalogu: Framework\\check.exe Instalator \u015brodowiska .NET r\u00f3wnie\u017c znajduje si\u0119 na [&hellip;]<\/p>\n","protected":false},"author":1,"featured_media":0,"parent":172,"menu_order":0,"comment_status":"closed","ping_status":"closed","template":"","meta":[],"yoast_head":"<!-- This site is optimized with the Yoast SEO plugin v19.9 - https:\/\/yoast.com\/wordpress\/plugins\/seo\/ -->\n<title>Najcz\u0119\u015bciej zadawane pytania - Systemy Rejestracji Czasu Pracy<\/title>\n<meta name=\"robots\" content=\"index, follow, max-snippet:-1, max-image-preview:large, max-video-preview:-1\" \/>\n<link rel=\"canonical\" href=\"https:\/\/bluetek.pl\/index.php\/dokumentacja\/najczesciej-zadawane-pytania\/\" \/>\n<meta property=\"og:locale\" content=\"pl_PL\" \/>\n<meta property=\"og:type\" content=\"article\" \/>\n<meta property=\"og:title\" content=\"Najcz\u0119\u015bciej zadawane pytania - Systemy Rejestracji Czasu Pracy\" \/>\n<meta property=\"og:description\" content=\"Brak \u015brodowiska .NET na stacji Oprogramowanie RAMS jest napisane przy u\u017cyciu j\u0119zyka .NET i wymaga obecno\u015bci \u015brodowiska .NET na komputerze. W przypadku braku tego \u015brodowiska wyst\u0105pi b\u0142\u0105d przy pr\u00f3bie uruchomienia RAS.exe. Program sprawdzaj\u0105cy czy \u015brodowisko .NET jest dost\u0119pne na komputerze znajduje si\u0119 na p\u0142ycie CD w katalogu: Frameworkcheck.exe Instalator \u015brodowiska .NET r\u00f3wnie\u017c znajduje si\u0119 na [&hellip;]\" \/>\n<meta property=\"og:url\" content=\"https:\/\/bluetek.pl\/index.php\/dokumentacja\/najczesciej-zadawane-pytania\/\" \/>\n<meta property=\"og:site_name\" content=\"Systemy Rejestracji Czasu Pracy\" \/>\n<meta name=\"twitter:card\" content=\"summary_large_image\" \/>\n<meta name=\"twitter:label1\" content=\"Szacowany czas czytania\" \/>\n\t<meta name=\"twitter:data1\" content=\"2 minuty\" \/>\n<script type=\"application\/ld+json\" class=\"yoast-schema-graph\">{\"@context\":\"https:\/\/schema.org\",\"@graph\":[{\"@type\":\"WebPage\",\"@id\":\"https:\/\/bluetek.pl\/index.php\/dokumentacja\/najczesciej-zadawane-pytania\/\",\"url\":\"https:\/\/bluetek.pl\/index.php\/dokumentacja\/najczesciej-zadawane-pytania\/\",\"name\":\"Najcz\u0119\u015bciej zadawane pytania - Systemy Rejestracji Czasu Pracy\",\"isPartOf\":{\"@id\":\"https:\/\/bluetek.pl\/#website\"},\"datePublished\":\"2020-12-23T11:59:07+00:00\",\"dateModified\":\"2020-12-23T11:59:07+00:00\",\"breadcrumb\":{\"@id\":\"https:\/\/bluetek.pl\/index.php\/dokumentacja\/najczesciej-zadawane-pytania\/#breadcrumb\"},\"inLanguage\":\"pl-PL\",\"potentialAction\":[{\"@type\":\"ReadAction\",\"target\":[\"https:\/\/bluetek.pl\/index.php\/dokumentacja\/najczesciej-zadawane-pytania\/\"]}]},{\"@type\":\"BreadcrumbList\",\"@id\":\"https:\/\/bluetek.pl\/index.php\/dokumentacja\/najczesciej-zadawane-pytania\/#breadcrumb\",\"itemListElement\":[{\"@type\":\"ListItem\",\"position\":1,\"name\":\"Strona g\u0142\u00f3wna\",\"item\":\"https:\/\/bluetek.pl\/\"},{\"@type\":\"ListItem\",\"position\":2,\"name\":\"Dokumentacja\",\"item\":\"https:\/\/bluetek.pl\/index.php\/dokumentacja\/\"},{\"@type\":\"ListItem\",\"position\":3,\"name\":\"Najcz\u0119\u015bciej zadawane pytania\"}]},{\"@type\":\"WebSite\",\"@id\":\"https:\/\/bluetek.pl\/#website\",\"url\":\"https:\/\/bluetek.pl\/\",\"name\":\"Systemy Rejestracji Czasu Pracy\",\"description\":\"Czas si\u0119 liczy!\",\"publisher\":{\"@id\":\"https:\/\/bluetek.pl\/#organization\"},\"potentialAction\":[{\"@type\":\"SearchAction\",\"target\":{\"@type\":\"EntryPoint\",\"urlTemplate\":\"https:\/\/bluetek.pl\/?s={search_term_string}\"},\"query-input\":\"required name=search_term_string\"}],\"inLanguage\":\"pl-PL\"},{\"@type\":\"Organization\",\"@id\":\"https:\/\/bluetek.pl\/#organization\",\"name\":\"BLUETEK Miros\u0142aw Ksi\u0119\u017cyk\",\"url\":\"https:\/\/bluetek.pl\/\",\"logo\":{\"@type\":\"ImageObject\",\"inLanguage\":\"pl-PL\",\"@id\":\"https:\/\/bluetek.pl\/#\/schema\/logo\/image\/\",\"url\":\"https:\/\/bluetek.pl\/wp-content\/uploads\/2021\/04\/2018logo_250.png\",\"contentUrl\":\"https:\/\/bluetek.pl\/wp-content\/uploads\/2021\/04\/2018logo_250.png\",\"width\":250,\"height\":250,\"caption\":\"BLUETEK Miros\u0142aw Ksi\u0119\u017cyk\"},\"image\":{\"@id\":\"https:\/\/bluetek.pl\/#\/schema\/logo\/image\/\"}}]}<\/script>\n<!-- \/ Yoast SEO plugin. -->","yoast_head_json":{"title":"Najcz\u0119\u015bciej zadawane pytania - Systemy Rejestracji Czasu Pracy","robots":{"index":"index","follow":"follow","max-snippet":"max-snippet:-1","max-image-preview":"max-image-preview:large","max-video-preview":"max-video-preview:-1"},"canonical":"https:\/\/bluetek.pl\/index.php\/dokumentacja\/najczesciej-zadawane-pytania\/","og_locale":"pl_PL","og_type":"article","og_title":"Najcz\u0119\u015bciej zadawane pytania - Systemy Rejestracji Czasu Pracy","og_description":"Brak \u015brodowiska .NET na stacji Oprogramowanie RAMS jest napisane przy u\u017cyciu j\u0119zyka .NET i wymaga obecno\u015bci \u015brodowiska .NET na komputerze. W przypadku braku tego \u015brodowiska wyst\u0105pi b\u0142\u0105d przy pr\u00f3bie uruchomienia RAS.exe. Program sprawdzaj\u0105cy czy \u015brodowisko .NET jest dost\u0119pne na komputerze znajduje si\u0119 na p\u0142ycie CD w katalogu: Frameworkcheck.exe Instalator \u015brodowiska .NET r\u00f3wnie\u017c znajduje si\u0119 na [&hellip;]","og_url":"https:\/\/bluetek.pl\/index.php\/dokumentacja\/najczesciej-zadawane-pytania\/","og_site_name":"Systemy Rejestracji Czasu Pracy","twitter_card":"summary_large_image","twitter_misc":{"Szacowany czas czytania":"2 minuty"},"schema":{"@context":"https:\/\/schema.org","@graph":[{"@type":"WebPage","@id":"https:\/\/bluetek.pl\/index.php\/dokumentacja\/najczesciej-zadawane-pytania\/","url":"https:\/\/bluetek.pl\/index.php\/dokumentacja\/najczesciej-zadawane-pytania\/","name":"Najcz\u0119\u015bciej zadawane pytania - Systemy Rejestracji Czasu Pracy","isPartOf":{"@id":"https:\/\/bluetek.pl\/#website"},"datePublished":"2020-12-23T11:59:07+00:00","dateModified":"2020-12-23T11:59:07+00:00","breadcrumb":{"@id":"https:\/\/bluetek.pl\/index.php\/dokumentacja\/najczesciej-zadawane-pytania\/#breadcrumb"},"inLanguage":"pl-PL","potentialAction":[{"@type":"ReadAction","target":["https:\/\/bluetek.pl\/index.php\/dokumentacja\/najczesciej-zadawane-pytania\/"]}]},{"@type":"BreadcrumbList","@id":"https:\/\/bluetek.pl\/index.php\/dokumentacja\/najczesciej-zadawane-pytania\/#breadcrumb","itemListElement":[{"@type":"ListItem","position":1,"name":"Strona g\u0142\u00f3wna","item":"https:\/\/bluetek.pl\/"},{"@type":"ListItem","position":2,"name":"Dokumentacja","item":"https:\/\/bluetek.pl\/index.php\/dokumentacja\/"},{"@type":"ListItem","position":3,"name":"Najcz\u0119\u015bciej zadawane pytania"}]},{"@type":"WebSite","@id":"https:\/\/bluetek.pl\/#website","url":"https:\/\/bluetek.pl\/","name":"Systemy Rejestracji Czasu Pracy","description":"Czas si\u0119 liczy!","publisher":{"@id":"https:\/\/bluetek.pl\/#organization"},"potentialAction":[{"@type":"SearchAction","target":{"@type":"EntryPoint","urlTemplate":"https:\/\/bluetek.pl\/?s={search_term_string}"},"query-input":"required name=search_term_string"}],"inLanguage":"pl-PL"},{"@type":"Organization","@id":"https:\/\/bluetek.pl\/#organization","name":"BLUETEK Miros\u0142aw Ksi\u0119\u017cyk","url":"https:\/\/bluetek.pl\/","logo":{"@type":"ImageObject","inLanguage":"pl-PL","@id":"https:\/\/bluetek.pl\/#\/schema\/logo\/image\/","url":"https:\/\/bluetek.pl\/wp-content\/uploads\/2021\/04\/2018logo_250.png","contentUrl":"https:\/\/bluetek.pl\/wp-content\/uploads\/2021\/04\/2018logo_250.png","width":250,"height":250,"caption":"BLUETEK Miros\u0142aw Ksi\u0119\u017cyk"},"image":{"@id":"https:\/\/bluetek.pl\/#\/schema\/logo\/image\/"}}]}},"_links":{"self":[{"href":"https:\/\/bluetek.pl\/index.php\/wp-json\/wp\/v2\/pages\/238"}],"collection":[{"href":"https:\/\/bluetek.pl\/index.php\/wp-json\/wp\/v2\/pages"}],"about":[{"href":"https:\/\/bluetek.pl\/index.php\/wp-json\/wp\/v2\/types\/page"}],"author":[{"embeddable":true,"href":"https:\/\/bluetek.pl\/index.php\/wp-json\/wp\/v2\/users\/1"}],"replies":[{"embeddable":true,"href":"https:\/\/bluetek.pl\/index.php\/wp-json\/wp\/v2\/comments?post=238"}],"version-history":[{"count":1,"href":"https:\/\/bluetek.pl\/index.php\/wp-json\/wp\/v2\/pages\/238\/revisions"}],"predecessor-version":[{"id":239,"href":"https:\/\/bluetek.pl\/index.php\/wp-json\/wp\/v2\/pages\/238\/revisions\/239"}],"up":[{"embeddable":true,"href":"https:\/\/bluetek.pl\/index.php\/wp-json\/wp\/v2\/pages\/172"}],"wp:attachment":[{"href":"https:\/\/bluetek.pl\/index.php\/wp-json\/wp\/v2\/media?parent=238"}],"curies":[{"name":"wp","href":"https:\/\/api.w.org\/{rel}","templated":true}]}}