{"id":2,"date":"2018-11-07T08:54:23","date_gmt":"2018-11-07T07:54:23","guid":{"rendered":"http:\/\/h4h.pl\/projekty\/wordpress\/?page_id=2"},"modified":"2020-12-23T13:24:01","modified_gmt":"2020-12-23T12:24:01","slug":"przykladowa-strona","status":"publish","type":"page","link":"https:\/\/bluetek.pl\/index.php\/przykladowa-strona\/","title":{"rendered":"Firma Bluetek"},"content":{"rendered":"<p>Powsta\u0142a w 2011 roku, od pocz\u0105tku jest zwi\u0105zana z mark\u0105 Realand z kt\u00f3r\u0105\u00a0 \u015bcis\u0142e wsp\u00f3\u0142pracuje.<\/p>\n<p>T\u0142umaczymy oprogramowanie producenta oraz wdra\u017camy autorskie rozwi\u0105zania takie jak program report oraz Bluetek Monitor.<\/p>\n<p>Wsp\u00f3\u0142pracujemy z dostawcami oprogramowania kadrowego takimi jak Vendo, Enova czy Symfonia.<\/p>\n<p>Setki wdro\u017ce\u0144 potwierdzonych <a href=\"http:\/\/h4h.pl\/projekty\/realand.pl\/index.php\/referencje\/\">list\u0105 referencyjn\u0105<\/a>, r\u00f3wnie\u017c za granic\u0105 naszego kraju.<\/p>\n<h3>Historia firmy Realand &#8211; g\u0142\u00f3wnego dostawcy system\u00f3w RCP<\/h3>\n<p>Adres strony macierzystej: <a href=\"http:\/\/www.realandtec.com\">www.realandtec.com<\/a><\/p>\n<p>Firma powsta\u0142a w maju 2008 roku i od pocz\u0105tku zajmuje si\u0119 systemami rejestracji czasu pracy. Na pocz\u0105tkowym etapie by\u0142y to proste urz\u0105dzenia z ekranami mono dotmatrix, z czasem rejestratory ewoluowa\u0142y do dzisiejszych model\u00f3w linii A-L z wbudowanym WIFI, technologi\u0105 PUSH oraz kolorowymi ekranami TFT.<\/p>\n<p>W 2019 roku na ca\u0142ym \u015bwiecie pracuje ponad milion terminali marki Realand, \u015bwiadczy to o wszechstronno\u015bci tych urz\u0105dze\u0144 oraz niezawodno\u015bci podpartej wysok\u0105 jako\u015bci\u0105 stosowanych komponent\u00f3w.<\/p>\n<h2>Zakres dzia\u0142ania<\/h2>\n<p>Oferujemy rozwi\u0105zania z zakresu system\u00f3w do liczenia efektywnego czasu pracy pracownik\u00f3w.<\/p>\n<p>Przedstawicielem i dystrybutorem na Polsk\u0119 firmy Realand jest <a href=\"http:\/\/www.bluetek.pl\">BLUETEK<\/a> Miros\u0142aw Ksi\u0119\u017cyk.<\/p>\n","protected":false},"excerpt":{"rendered":"<p>Powsta\u0142a w 2011 roku, od pocz\u0105tku jest zwi\u0105zana z mark\u0105 Realand z kt\u00f3r\u0105\u00a0 \u015bcis\u0142e wsp\u00f3\u0142pracuje. T\u0142umaczymy oprogramowanie producenta oraz wdra\u017camy autorskie rozwi\u0105zania takie jak program report oraz Bluetek Monitor. Wsp\u00f3\u0142pracujemy z dostawcami oprogramowania kadrowego takimi jak Vendo, Enova czy Symfonia. Setki wdro\u017ce\u0144 potwierdzonych list\u0105 referencyjn\u0105, r\u00f3wnie\u017c za granic\u0105 naszego kraju. Historia firmy Realand &#8211; g\u0142\u00f3wnego [&hellip;]<\/p>\n","protected":false},"author":1,"featured_media":0,"parent":0,"menu_order":0,"comment_status":"closed","ping_status":"open","template":"","meta":[],"yoast_head":"<!-- This site is optimized with the Yoast SEO plugin v19.9 - https:\/\/yoast.com\/wordpress\/plugins\/seo\/ -->\n<title>Firma Bluetek - Systemy Rejestracji Czasu Pracy<\/title>\n<meta name=\"robots\" content=\"index, follow, max-snippet:-1, max-image-preview:large, max-video-preview:-1\" \/>\n<link rel=\"canonical\" href=\"https:\/\/bluetek.pl\/index.php\/przykladowa-strona\/\" \/>\n<meta property=\"og:locale\" content=\"pl_PL\" \/>\n<meta property=\"og:type\" content=\"article\" \/>\n<meta property=\"og:title\" content=\"Firma Bluetek - Systemy Rejestracji Czasu Pracy\" \/>\n<meta property=\"og:description\" content=\"Powsta\u0142a w 2011 roku, od pocz\u0105tku jest zwi\u0105zana z mark\u0105 Realand z kt\u00f3r\u0105\u00a0 \u015bcis\u0142e wsp\u00f3\u0142pracuje. T\u0142umaczymy oprogramowanie producenta oraz wdra\u017camy autorskie rozwi\u0105zania takie jak program report oraz Bluetek Monitor. Wsp\u00f3\u0142pracujemy z dostawcami oprogramowania kadrowego takimi jak Vendo, Enova czy Symfonia. Setki wdro\u017ce\u0144 potwierdzonych list\u0105 referencyjn\u0105, r\u00f3wnie\u017c za granic\u0105 naszego kraju. Historia firmy Realand &#8211; g\u0142\u00f3wnego [&hellip;]\" \/>\n<meta property=\"og:url\" content=\"https:\/\/bluetek.pl\/index.php\/przykladowa-strona\/\" \/>\n<meta property=\"og:site_name\" content=\"Systemy Rejestracji Czasu Pracy\" \/>\n<meta property=\"article:modified_time\" content=\"2020-12-23T12:24:01+00:00\" \/>\n<meta name=\"twitter:card\" content=\"summary_large_image\" \/>\n<meta name=\"twitter:label1\" content=\"Szacowany czas czytania\" \/>\n\t<meta name=\"twitter:data1\" content=\"1 minuta\" \/>\n<script type=\"application\/ld+json\" class=\"yoast-schema-graph\">{\"@context\":\"https:\/\/schema.org\",\"@graph\":[{\"@type\":\"WebPage\",\"@id\":\"https:\/\/bluetek.pl\/index.php\/przykladowa-strona\/\",\"url\":\"https:\/\/bluetek.pl\/index.php\/przykladowa-strona\/\",\"name\":\"Firma Bluetek - Systemy Rejestracji Czasu Pracy\",\"isPartOf\":{\"@id\":\"https:\/\/bluetek.pl\/#website\"},\"datePublished\":\"2018-11-07T07:54:23+00:00\",\"dateModified\":\"2020-12-23T12:24:01+00:00\",\"breadcrumb\":{\"@id\":\"https:\/\/bluetek.pl\/index.php\/przykladowa-strona\/#breadcrumb\"},\"inLanguage\":\"pl-PL\",\"potentialAction\":[{\"@type\":\"ReadAction\",\"target\":[\"https:\/\/bluetek.pl\/index.php\/przykladowa-strona\/\"]}]},{\"@type\":\"BreadcrumbList\",\"@id\":\"https:\/\/bluetek.pl\/index.php\/przykladowa-strona\/#breadcrumb\",\"itemListElement\":[{\"@type\":\"ListItem\",\"position\":1,\"name\":\"Strona g\u0142\u00f3wna\",\"item\":\"https:\/\/bluetek.pl\/\"},{\"@type\":\"ListItem\",\"position\":2,\"name\":\"Firma Bluetek\"}]},{\"@type\":\"WebSite\",\"@id\":\"https:\/\/bluetek.pl\/#website\",\"url\":\"https:\/\/bluetek.pl\/\",\"name\":\"Systemy Rejestracji Czasu Pracy\",\"description\":\"Czas si\u0119 liczy!\",\"publisher\":{\"@id\":\"https:\/\/bluetek.pl\/#organization\"},\"potentialAction\":[{\"@type\":\"SearchAction\",\"target\":{\"@type\":\"EntryPoint\",\"urlTemplate\":\"https:\/\/bluetek.pl\/?s={search_term_string}\"},\"query-input\":\"required name=search_term_string\"}],\"inLanguage\":\"pl-PL\"},{\"@type\":\"Organization\",\"@id\":\"https:\/\/bluetek.pl\/#organization\",\"name\":\"BLUETEK Miros\u0142aw Ksi\u0119\u017cyk\",\"url\":\"https:\/\/bluetek.pl\/\",\"logo\":{\"@type\":\"ImageObject\",\"inLanguage\":\"pl-PL\",\"@id\":\"https:\/\/bluetek.pl\/#\/schema\/logo\/image\/\",\"url\":\"https:\/\/bluetek.pl\/wp-content\/uploads\/2021\/04\/2018logo_250.png\",\"contentUrl\":\"https:\/\/bluetek.pl\/wp-content\/uploads\/2021\/04\/2018logo_250.png\",\"width\":250,\"height\":250,\"caption\":\"BLUETEK Miros\u0142aw Ksi\u0119\u017cyk\"},\"image\":{\"@id\":\"https:\/\/bluetek.pl\/#\/schema\/logo\/image\/\"}}]}<\/script>\n<!-- \/ Yoast SEO plugin. -->","yoast_head_json":{"title":"Firma Bluetek - Systemy Rejestracji Czasu Pracy","robots":{"index":"index","follow":"follow","max-snippet":"max-snippet:-1","max-image-preview":"max-image-preview:large","max-video-preview":"max-video-preview:-1"},"canonical":"https:\/\/bluetek.pl\/index.php\/przykladowa-strona\/","og_locale":"pl_PL","og_type":"article","og_title":"Firma Bluetek - Systemy Rejestracji Czasu Pracy","og_description":"Powsta\u0142a w 2011 roku, od pocz\u0105tku jest zwi\u0105zana z mark\u0105 Realand z kt\u00f3r\u0105\u00a0 \u015bcis\u0142e wsp\u00f3\u0142pracuje. T\u0142umaczymy oprogramowanie producenta oraz wdra\u017camy autorskie rozwi\u0105zania takie jak program report oraz Bluetek Monitor. Wsp\u00f3\u0142pracujemy z dostawcami oprogramowania kadrowego takimi jak Vendo, Enova czy Symfonia. Setki wdro\u017ce\u0144 potwierdzonych list\u0105 referencyjn\u0105, r\u00f3wnie\u017c za granic\u0105 naszego kraju. Historia firmy Realand &#8211; g\u0142\u00f3wnego [&hellip;]","og_url":"https:\/\/bluetek.pl\/index.php\/przykladowa-strona\/","og_site_name":"Systemy Rejestracji Czasu Pracy","article_modified_time":"2020-12-23T12:24:01+00:00","twitter_card":"summary_large_image","twitter_misc":{"Szacowany czas czytania":"1 minuta"},"schema":{"@context":"https:\/\/schema.org","@graph":[{"@type":"WebPage","@id":"https:\/\/bluetek.pl\/index.php\/przykladowa-strona\/","url":"https:\/\/bluetek.pl\/index.php\/przykladowa-strona\/","name":"Firma Bluetek - Systemy Rejestracji Czasu Pracy","isPartOf":{"@id":"https:\/\/bluetek.pl\/#website"},"datePublished":"2018-11-07T07:54:23+00:00","dateModified":"2020-12-23T12:24:01+00:00","breadcrumb":{"@id":"https:\/\/bluetek.pl\/index.php\/przykladowa-strona\/#breadcrumb"},"inLanguage":"pl-PL","potentialAction":[{"@type":"ReadAction","target":["https:\/\/bluetek.pl\/index.php\/przykladowa-strona\/"]}]},{"@type":"BreadcrumbList","@id":"https:\/\/bluetek.pl\/index.php\/przykladowa-strona\/#breadcrumb","itemListElement":[{"@type":"ListItem","position":1,"name":"Strona g\u0142\u00f3wna","item":"https:\/\/bluetek.pl\/"},{"@type":"ListItem","position":2,"name":"Firma Bluetek"}]},{"@type":"WebSite","@id":"https:\/\/bluetek.pl\/#website","url":"https:\/\/bluetek.pl\/","name":"Systemy Rejestracji Czasu Pracy","description":"Czas si\u0119 liczy!","publisher":{"@id":"https:\/\/bluetek.pl\/#organization"},"potentialAction":[{"@type":"SearchAction","target":{"@type":"EntryPoint","urlTemplate":"https:\/\/bluetek.pl\/?s={search_term_string}"},"query-input":"required name=search_term_string"}],"inLanguage":"pl-PL"},{"@type":"Organization","@id":"https:\/\/bluetek.pl\/#organization","name":"BLUETEK Miros\u0142aw Ksi\u0119\u017cyk","url":"https:\/\/bluetek.pl\/","logo":{"@type":"ImageObject","inLanguage":"pl-PL","@id":"https:\/\/bluetek.pl\/#\/schema\/logo\/image\/","url":"https:\/\/bluetek.pl\/wp-content\/uploads\/2021\/04\/2018logo_250.png","contentUrl":"https:\/\/bluetek.pl\/wp-content\/uploads\/2021\/04\/2018logo_250.png","width":250,"height":250,"caption":"BLUETEK Miros\u0142aw Ksi\u0119\u017cyk"},"image":{"@id":"https:\/\/bluetek.pl\/#\/schema\/logo\/image\/"}}]}},"_links":{"self":[{"href":"https:\/\/bluetek.pl\/index.php\/wp-json\/wp\/v2\/pages\/2"}],"collection":[{"href":"https:\/\/bluetek.pl\/index.php\/wp-json\/wp\/v2\/pages"}],"about":[{"href":"https:\/\/bluetek.pl\/index.php\/wp-json\/wp\/v2\/types\/page"}],"author":[{"embeddable":true,"href":"https:\/\/bluetek.pl\/index.php\/wp-json\/wp\/v2\/users\/1"}],"replies":[{"embeddable":true,"href":"https:\/\/bluetek.pl\/index.php\/wp-json\/wp\/v2\/comments?post=2"}],"version-history":[{"count":5,"href":"https:\/\/bluetek.pl\/index.php\/wp-json\/wp\/v2\/pages\/2\/revisions"}],"predecessor-version":[{"id":257,"href":"https:\/\/bluetek.pl\/index.php\/wp-json\/wp\/v2\/pages\/2\/revisions\/257"}],"wp:attachment":[{"href":"https:\/\/bluetek.pl\/index.php\/wp-json\/wp\/v2\/media?parent=2"}],"curies":[{"name":"wp","href":"https:\/\/api.w.org\/{rel}","templated":true}]}}