{"id":111,"date":"2020-12-23T09:35:06","date_gmt":"2020-12-23T08:35:06","guid":{"rendered":"http:\/\/h4h.pl\/projekty\/realand.pl\/?page_id=111"},"modified":"2020-12-23T09:36:00","modified_gmt":"2020-12-23T08:36:00","slug":"referencje","status":"publish","type":"page","link":"https:\/\/bluetek.pl\/index.php\/referencje\/","title":{"rendered":"Referencje"},"content":{"rendered":"<p>Pe\u0142na lista naszych klient\u00f3w to aktualnie ponad 3500 firm kt\u00f3re zdecydowa\u0142y si\u0119 na przej\u015bcie na elektroniczne rozliczanie czasu pracy.<\/p>\n<p>Na poni\u017cej li\u015bcie umieszczone s\u0105 nasze najwa\u017cniejsze wdro\u017cenia, wraz z dodatkowymi informacjami, starali\u015bmy si\u0119 dobra\u0107 reprezentant\u00f3w wszystkich bran\u017c z kt\u00f3rymi wsp\u00f3\u0142pracujemy.<\/p>\n<h2>Du\u017ce zak\u0142ady produkcyjne\/handlowe (ponad 1000 pracownik\u00f3w)<\/h2>\n<ul>\n<li>PRESS GLASS produkcja szk\u0142a &#8211; system rcp + kd, zintegrowany z programami firm trzecich<\/li>\n<li>MOTOPROFIL &#8211; system rcp zintegrowany z programami firm trzecich<\/li>\n<li>BMZ Gliwice &#8211; system rcp z kd<\/li>\n<li>Mid Ocean Logistics Poland Sp\u00f3\u0142ka Z Ograniczon\u0105 Odpowiedzialno\u015bci\u0105 &#8211; system rcp + integracja<\/li>\n<\/ul>\n<h2>Podmioty bud\u017cetowe<\/h2>\n<ul>\n<li>Centralne Biuro Antykorupcyjne &#8211; system kontroli obchod\u00f3w<\/li>\n<li>Zak\u0142ad Us\u0142ug Komunalnyc \u0141owicz &#8211; system rcp<\/li>\n<li>Urz\u0105d Miasta Suwa\u0142ki &#8211; sytem rcp + program Report<\/li>\n<li>Drugi Urz\u0105d Skarbowy W Cz\u0119stochowie &#8211; system rcp<\/li>\n<li>Pierwszy Urz\u0105d Skarbowy W Cz\u0119stochowie &#8211; system rcp<\/li>\n<li>Urz\u0105d Skarbowy W Lubli\u0144cu- system rcp<\/li>\n<li>Warmi\u0144sko-Mazurski Urz\u0105d Wojew\u00f3dzki W Olsztynie &#8211; system rcp<\/li>\n<li>Urz\u0105d Skarbowy W K\u0142obucku &#8211; system rcp<\/li>\n<li>O\u015brodek Pomocy Spo\u0142ecznej w Lubli\u0144cu &#8211; system rcp<\/li>\n<li>Dom Pomocy Spo\u0142ecznej w Zabrzu &#8211; system rcp<\/li>\n<li>O\u015brodek Pomocy Spo\u0142ecznej w Paczkowie &#8211; system rcp<\/li>\n<li>Urz\u0105d Gminy Wielkie Oczy &#8211; system rcp<\/li>\n<\/ul>\n<h2>Muzea, o\u015brodki kultury i sportu<\/h2>\n<ul>\n<li>Pa\u0144stwowe Muzeum Auschwitz-Birkenau W O\u015bwi\u0119cimiu &#8211; system kontroli obchod\u00f3w Vanguard 5<\/li>\n<li>Narodowe Muzeum Morskie W Gda\u0144sku &#8211; system kontroli obchod\u00f3w Vanguard 5<\/li>\n<li>Stadion W Zabrzu Sp\u00f3\u0142ka Z Ograniczon\u0105 Odpowiedzialno\u015bci\u0105<\/li>\n<li>Szpitale i poradnie medyczne<\/li>\n<li>Krajowa Fundacja Medyczna<\/li>\n<li>Piekarskie Centrum Medyczne Sp. z o.o.<\/li>\n<li>Wojew\u00f3dzki Szpital Zespolony W Koninie<\/li>\n<li>Ortopedyczno-Rehabilitacyjny Szpital Kliniczny im.Wiktora Degi Uniwersytetu Medycznego im.Karola Marcinkowskiego w Poznaniu &#8211; system kontroli obchod\u00f3w<\/li>\n<li>Szpital \u015aredzki Serca Jezusowego Sp\u00f3\u0142ka z o.o.<\/li>\n<li>Galus Dariusz Niepubliczny Zak\u0142ad Opieki Zdrowotnej<\/li>\n<li>Niepubliczny Specjalistyczny Zak\u0142ad Opieki Zdrowotnej Gomed &#8211; Ostrowiec Spo\u0142ka Z Ograniczon\u0105 Odpowiedzialno\u015bci\u0105 Sp\u00f3\u0142ka Komandytowa<\/li>\n<\/ul>\n<h2>Ma\u0142e i \u015brednie firmy produkcyjne<\/h2>\n<ul>\n<li>Fabryka Pier\u015bcieni T\u0142okowych Prima Sp\u00f3\u0142ka Akcyjna W \u0141odzi &#8211; system rcp + program Report<\/li>\n<li>Lightnet Sp\u00f3\u0142ka Z Ograniczon\u0105 Odpowiedzialno\u015bci\u0105<\/li>\n<li>MOKATE Sp. z o.o.<\/li>\n<li>Tekspol Sp. z o.o.<\/li>\n<li>Fabryka Papieru I Tektury Beskidy Sp\u00f3\u0142ka Akcyjna<\/li>\n<li>Sp\u00f3\u0142ka Akcyjna Odlewnie Polskie<\/li>\n<li>P.P.H.U. Kielecka Fabryka Mebli Wi\u015bnicki Pawe\u0142<\/li>\n<li>Spm Poland Sp\u00f3\u0142ka Z Ograniczon\u0105 Odpowiedzialno\u015bci\u0105<\/li>\n<li>Morad sp. z o.o.<\/li>\n<li>Metalco International Sp. z o.o.<\/li>\n<li>Ma\u0142e i \u015brednie biura<\/li>\n<li>A.t.e. Poland Sp\u00f3\u0142ka Z Ograniczon\u0105 Odpowiedzialno\u015bci\u0105<\/li>\n<li>Astek Polska<\/li>\n<li>Kuchnie \u015awiata S.A.<\/li>\n<li>Wojew\u00f3dzkie Przedsiebiorstwo Rob\u00f3t Drogowych Sp\u00f3\u0142ka Akcyjna<\/li>\n<li>Orange Logistics Sp. z o.o.<\/li>\n<li>Renault Grupa &#8211; Pietrzak Sp\u00f3\u0142ka Z Ograniczon\u0105 Odpowiedzialno\u015bci\u0105<\/li>\n<\/ul>\n<h2>Ochrona mienia<\/h2>\n<ul>\n<li>SOLID SECURITY Sp. z o.o.<\/li>\n<li>T.S. Patrol I Sp\u00f3\u0142ka Z Ograniczon\u0105 Odpowiedzialno\u015bci\u0105<\/li>\n<li>Przedsi\u0119biorstwo Us\u0142ugowe Remus-Security Grzegorz Kaszubowski<\/li>\n<li>Agencja Ochrony Os\u00f3b I Mienia Combat24 Security Sp\u00f3\u0142ka Z Ograniczon\u0105 Odpowiedzialno\u015bci\u0105<\/li>\n<li>Amex Security Polska Sp\u00f3\u0142ka Z Ograniczon\u0105 Odpowiedzialno\u015bci\u0105<\/li>\n<li>Agencja Ochrony Os\u00f3b i Mienia &#8222;As Security&#8221;<\/li>\n<li>Beta Security System Sp\u00f3\u0142ka Z Ograniczon\u0105 Odpowiedzialno\u015bci\u0105<\/li>\n<li>Capital Security Service S.c.tomasz Ko\u017cuch Piotr Mucha<\/li>\n<li>Fox Security Sp\u00f3\u0142ka Z Ograniczon\u0105 Odpowiedzialno\u015bci\u0105<\/li>\n<li>Inter Security Polska Sp\u00f3\u0142ka Z Ograniczon\u0105 Odpowiedzialno\u015bci\u0105<\/li>\n<li>Joanna \u015awierczy\u0144ska Tower Security<\/li>\n<li>Property Security Service Sp\u00f3\u0142ka Z Ograniczon\u0105 Odpowiedzialno\u015bci\u0105<\/li>\n<\/ul>\n","protected":false},"excerpt":{"rendered":"<p>Pe\u0142na lista naszych klient\u00f3w to aktualnie ponad 3500 firm kt\u00f3re zdecydowa\u0142y si\u0119 na przej\u015bcie na elektroniczne rozliczanie czasu pracy. Na poni\u017cej li\u015bcie umieszczone s\u0105 nasze najwa\u017cniejsze wdro\u017cenia, wraz z dodatkowymi informacjami, starali\u015bmy si\u0119 dobra\u0107 reprezentant\u00f3w wszystkich bran\u017c z kt\u00f3rymi wsp\u00f3\u0142pracujemy. Du\u017ce zak\u0142ady produkcyjne\/handlowe (ponad 1000 pracownik\u00f3w) PRESS GLASS produkcja szk\u0142a &#8211; system rcp + kd, [&hellip;]<\/p>\n","protected":false},"author":1,"featured_media":0,"parent":0,"menu_order":0,"comment_status":"closed","ping_status":"closed","template":"","meta":[],"yoast_head":"<!-- This site is optimized with the Yoast SEO plugin v19.9 - https:\/\/yoast.com\/wordpress\/plugins\/seo\/ -->\n<title>Referencje - Systemy Rejestracji Czasu Pracy<\/title>\n<meta name=\"robots\" content=\"index, follow, max-snippet:-1, max-image-preview:large, max-video-preview:-1\" \/>\n<link rel=\"canonical\" href=\"https:\/\/bluetek.pl\/index.php\/referencje\/\" \/>\n<meta property=\"og:locale\" content=\"pl_PL\" \/>\n<meta property=\"og:type\" content=\"article\" \/>\n<meta property=\"og:title\" content=\"Referencje - Systemy Rejestracji Czasu Pracy\" \/>\n<meta property=\"og:description\" content=\"Pe\u0142na lista naszych klient\u00f3w to aktualnie ponad 3500 firm kt\u00f3re zdecydowa\u0142y si\u0119 na przej\u015bcie na elektroniczne rozliczanie czasu pracy. Na poni\u017cej li\u015bcie umieszczone s\u0105 nasze najwa\u017cniejsze wdro\u017cenia, wraz z dodatkowymi informacjami, starali\u015bmy si\u0119 dobra\u0107 reprezentant\u00f3w wszystkich bran\u017c z kt\u00f3rymi wsp\u00f3\u0142pracujemy. Du\u017ce zak\u0142ady produkcyjne\/handlowe (ponad 1000 pracownik\u00f3w) PRESS GLASS produkcja szk\u0142a &#8211; system rcp + kd, [&hellip;]\" \/>\n<meta property=\"og:url\" content=\"https:\/\/bluetek.pl\/index.php\/referencje\/\" \/>\n<meta property=\"og:site_name\" content=\"Systemy Rejestracji Czasu Pracy\" \/>\n<meta property=\"article:modified_time\" content=\"2020-12-23T08:36:00+00:00\" \/>\n<meta name=\"twitter:card\" content=\"summary_large_image\" \/>\n<meta name=\"twitter:label1\" content=\"Szacowany czas czytania\" \/>\n\t<meta name=\"twitter:data1\" content=\"3 minuty\" \/>\n<script type=\"application\/ld+json\" class=\"yoast-schema-graph\">{\"@context\":\"https:\/\/schema.org\",\"@graph\":[{\"@type\":\"WebPage\",\"@id\":\"https:\/\/bluetek.pl\/index.php\/referencje\/\",\"url\":\"https:\/\/bluetek.pl\/index.php\/referencje\/\",\"name\":\"Referencje - Systemy Rejestracji Czasu Pracy\",\"isPartOf\":{\"@id\":\"https:\/\/bluetek.pl\/#website\"},\"datePublished\":\"2020-12-23T08:35:06+00:00\",\"dateModified\":\"2020-12-23T08:36:00+00:00\",\"breadcrumb\":{\"@id\":\"https:\/\/bluetek.pl\/index.php\/referencje\/#breadcrumb\"},\"inLanguage\":\"pl-PL\",\"potentialAction\":[{\"@type\":\"ReadAction\",\"target\":[\"https:\/\/bluetek.pl\/index.php\/referencje\/\"]}]},{\"@type\":\"BreadcrumbList\",\"@id\":\"https:\/\/bluetek.pl\/index.php\/referencje\/#breadcrumb\",\"itemListElement\":[{\"@type\":\"ListItem\",\"position\":1,\"name\":\"Strona g\u0142\u00f3wna\",\"item\":\"https:\/\/bluetek.pl\/\"},{\"@type\":\"ListItem\",\"position\":2,\"name\":\"Referencje\"}]},{\"@type\":\"WebSite\",\"@id\":\"https:\/\/bluetek.pl\/#website\",\"url\":\"https:\/\/bluetek.pl\/\",\"name\":\"Systemy Rejestracji Czasu Pracy\",\"description\":\"Czas si\u0119 liczy!\",\"publisher\":{\"@id\":\"https:\/\/bluetek.pl\/#organization\"},\"potentialAction\":[{\"@type\":\"SearchAction\",\"target\":{\"@type\":\"EntryPoint\",\"urlTemplate\":\"https:\/\/bluetek.pl\/?s={search_term_string}\"},\"query-input\":\"required name=search_term_string\"}],\"inLanguage\":\"pl-PL\"},{\"@type\":\"Organization\",\"@id\":\"https:\/\/bluetek.pl\/#organization\",\"name\":\"BLUETEK Miros\u0142aw Ksi\u0119\u017cyk\",\"url\":\"https:\/\/bluetek.pl\/\",\"logo\":{\"@type\":\"ImageObject\",\"inLanguage\":\"pl-PL\",\"@id\":\"https:\/\/bluetek.pl\/#\/schema\/logo\/image\/\",\"url\":\"https:\/\/bluetek.pl\/wp-content\/uploads\/2021\/04\/2018logo_250.png\",\"contentUrl\":\"https:\/\/bluetek.pl\/wp-content\/uploads\/2021\/04\/2018logo_250.png\",\"width\":250,\"height\":250,\"caption\":\"BLUETEK Miros\u0142aw Ksi\u0119\u017cyk\"},\"image\":{\"@id\":\"https:\/\/bluetek.pl\/#\/schema\/logo\/image\/\"}}]}<\/script>\n<!-- \/ Yoast SEO plugin. -->","yoast_head_json":{"title":"Referencje - Systemy Rejestracji Czasu Pracy","robots":{"index":"index","follow":"follow","max-snippet":"max-snippet:-1","max-image-preview":"max-image-preview:large","max-video-preview":"max-video-preview:-1"},"canonical":"https:\/\/bluetek.pl\/index.php\/referencje\/","og_locale":"pl_PL","og_type":"article","og_title":"Referencje - Systemy Rejestracji Czasu Pracy","og_description":"Pe\u0142na lista naszych klient\u00f3w to aktualnie ponad 3500 firm kt\u00f3re zdecydowa\u0142y si\u0119 na przej\u015bcie na elektroniczne rozliczanie czasu pracy. Na poni\u017cej li\u015bcie umieszczone s\u0105 nasze najwa\u017cniejsze wdro\u017cenia, wraz z dodatkowymi informacjami, starali\u015bmy si\u0119 dobra\u0107 reprezentant\u00f3w wszystkich bran\u017c z kt\u00f3rymi wsp\u00f3\u0142pracujemy. Du\u017ce zak\u0142ady produkcyjne\/handlowe (ponad 1000 pracownik\u00f3w) PRESS GLASS produkcja szk\u0142a &#8211; system rcp + kd, [&hellip;]","og_url":"https:\/\/bluetek.pl\/index.php\/referencje\/","og_site_name":"Systemy Rejestracji Czasu Pracy","article_modified_time":"2020-12-23T08:36:00+00:00","twitter_card":"summary_large_image","twitter_misc":{"Szacowany czas czytania":"3 minuty"},"schema":{"@context":"https:\/\/schema.org","@graph":[{"@type":"WebPage","@id":"https:\/\/bluetek.pl\/index.php\/referencje\/","url":"https:\/\/bluetek.pl\/index.php\/referencje\/","name":"Referencje - Systemy Rejestracji Czasu Pracy","isPartOf":{"@id":"https:\/\/bluetek.pl\/#website"},"datePublished":"2020-12-23T08:35:06+00:00","dateModified":"2020-12-23T08:36:00+00:00","breadcrumb":{"@id":"https:\/\/bluetek.pl\/index.php\/referencje\/#breadcrumb"},"inLanguage":"pl-PL","potentialAction":[{"@type":"ReadAction","target":["https:\/\/bluetek.pl\/index.php\/referencje\/"]}]},{"@type":"BreadcrumbList","@id":"https:\/\/bluetek.pl\/index.php\/referencje\/#breadcrumb","itemListElement":[{"@type":"ListItem","position":1,"name":"Strona g\u0142\u00f3wna","item":"https:\/\/bluetek.pl\/"},{"@type":"ListItem","position":2,"name":"Referencje"}]},{"@type":"WebSite","@id":"https:\/\/bluetek.pl\/#website","url":"https:\/\/bluetek.pl\/","name":"Systemy Rejestracji Czasu Pracy","description":"Czas si\u0119 liczy!","publisher":{"@id":"https:\/\/bluetek.pl\/#organization"},"potentialAction":[{"@type":"SearchAction","target":{"@type":"EntryPoint","urlTemplate":"https:\/\/bluetek.pl\/?s={search_term_string}"},"query-input":"required name=search_term_string"}],"inLanguage":"pl-PL"},{"@type":"Organization","@id":"https:\/\/bluetek.pl\/#organization","name":"BLUETEK Miros\u0142aw Ksi\u0119\u017cyk","url":"https:\/\/bluetek.pl\/","logo":{"@type":"ImageObject","inLanguage":"pl-PL","@id":"https:\/\/bluetek.pl\/#\/schema\/logo\/image\/","url":"https:\/\/bluetek.pl\/wp-content\/uploads\/2021\/04\/2018logo_250.png","contentUrl":"https:\/\/bluetek.pl\/wp-content\/uploads\/2021\/04\/2018logo_250.png","width":250,"height":250,"caption":"BLUETEK Miros\u0142aw Ksi\u0119\u017cyk"},"image":{"@id":"https:\/\/bluetek.pl\/#\/schema\/logo\/image\/"}}]}},"_links":{"self":[{"href":"https:\/\/bluetek.pl\/index.php\/wp-json\/wp\/v2\/pages\/111"}],"collection":[{"href":"https:\/\/bluetek.pl\/index.php\/wp-json\/wp\/v2\/pages"}],"about":[{"href":"https:\/\/bluetek.pl\/index.php\/wp-json\/wp\/v2\/types\/page"}],"author":[{"embeddable":true,"href":"https:\/\/bluetek.pl\/index.php\/wp-json\/wp\/v2\/users\/1"}],"replies":[{"embeddable":true,"href":"https:\/\/bluetek.pl\/index.php\/wp-json\/wp\/v2\/comments?post=111"}],"version-history":[{"count":2,"href":"https:\/\/bluetek.pl\/index.php\/wp-json\/wp\/v2\/pages\/111\/revisions"}],"predecessor-version":[{"id":114,"href":"https:\/\/bluetek.pl\/index.php\/wp-json\/wp\/v2\/pages\/111\/revisions\/114"}],"wp:attachment":[{"href":"https:\/\/bluetek.pl\/index.php\/wp-json\/wp\/v2\/media?parent=111"}],"curies":[{"name":"wp","href":"https:\/\/api.w.org\/{rel}","templated":true}]}}